CRAN Package Check Results for Package base64url

Last updated on 2021-09-20 07:50:20 CEST.

Flavor Version Tinstall Tcheck Ttotal Status Flags
r-devel-linux-x86_64-debian-clang 1.4 2.86 52.00 54.86 OK
r-devel-linux-x86_64-debian-gcc 1.4 1.98 38.44 40.42 OK
r-devel-linux-x86_64-fedora-clang 1.4 72.70 OK
r-devel-linux-x86_64-fedora-gcc 1.4 63.15 OK
r-devel-windows-x86_64 1.4 5.00 60.00 65.00 OK
r-devel-windows-x86_64-gcc10-UCRT 1.4 ERROR
r-patched-linux-x86_64 1.4 2.42 48.08 50.50 OK
r-patched-solaris-x86 1.4 80.80 OK
r-release-linux-x86_64 1.4 2.33 48.57 50.90 OK
r-release-macos-arm64 1.4 OK
r-release-macos-x86_64 1.4 OK
r-release-windows-ix86+x86_64 1.4 9.00 85.00 94.00 OK
r-oldrel-macos-x86_64 1.4 OK
r-oldrel-windows-ix86+x86_64 1.4 10.00 91.00 101.00 OK

Check Details

Version: 1.4
Check: whether package can be installed
Result: ERROR
    Installation failed.
Flavor: r-devel-windows-x86_64-gcc10-UCRT