CRAN Package Check Results for Package baggr

Last updated on 2021-07-30 07:50:01 CEST.

Flavor Version Tinstall Tcheck Ttotal Status Flags
r-devel-linux-x86_64-debian-clang 0.6.4 NOTE
r-devel-linux-x86_64-debian-gcc 0.6.4 515.29 342.33 857.62 NOTE
r-devel-linux-x86_64-fedora-clang 0.6.4 1385.15 NOTE
r-devel-linux-x86_64-fedora-gcc 0.6.4 1485.68 NOTE
r-devel-windows-x86_64 0.6.4 591.00 551.00 1142.00 NOTE
r-devel-windows-x86_64-gcc10-UCRT 0.6.4 NOTE
r-patched-linux-x86_64 0.6.4 NOTE
r-patched-solaris-x86 0.6.4 1537.00 NOTE
r-release-linux-x86_64 0.6.4 539.66 447.59 987.25 NOTE
r-release-macos-arm64 0.6.4 WARN
r-release-macos-x86_64 0.6.4 NOTE
r-release-windows-ix86+x86_64 0.6.4 1300.00 817.00 2117.00 NOTE
r-oldrel-macos-x86_64 0.6.4 NOTE
r-oldrel-windows-ix86+x86_64 0.6.4 1133.00 851.00 1984.00 NOTE

Check Details

Version: 0.6.4
Check: for GNU extensions in Makefiles
Result: NOTE
    GNU make is a SystemRequirements.
Flavors: r-devel-linux-x86_64-debian-clang, r-devel-linux-x86_64-debian-gcc, r-devel-linux-x86_64-fedora-clang, r-devel-linux-x86_64-fedora-gcc, r-devel-windows-x86_64, r-devel-windows-x86_64-gcc10-UCRT, r-patched-linux-x86_64, r-patched-solaris-x86, r-release-linux-x86_64, r-release-macos-arm64, r-release-macos-x86_64, r-release-windows-ix86+x86_64, r-oldrel-macos-x86_64, r-oldrel-windows-ix86+x86_64

Version: 0.6.4
Check: installed package size
Result: NOTE
     installed size is 85.0Mb
     sub-directories of 1Mb or more:
     libs 83.3Mb
Flavors: r-devel-linux-x86_64-fedora-clang, r-devel-windows-x86_64, r-patched-solaris-x86, r-release-macos-arm64, r-release-macos-x86_64, r-release-windows-ix86+x86_64, r-oldrel-macos-x86_64, r-oldrel-windows-ix86+x86_64

Version: 0.6.4
Check: line endings in C/C++/Fortran sources/headers
Result: NOTE
    Found the following sources/headers with CR or CRLF line endings:
     src/RcppExports.cpp
    Some Unix compilers require LF line endings.
Flavor: r-devel-windows-x86_64-gcc10-UCRT

Version: 0.6.4
Check: re-building of vignette outputs
Result: WARN
    Error(s) in re-building vignettes:
    --- re-building ‘baggr.Rmd’ using rmarkdown
    Warning in engine$weave(file, quiet = quiet, encoding = enc) :
     Pandoc (>= 1.12.3) not available. Falling back to R Markdown v1.
    Warning in grid.Call(C_stringMetric, as.graphicsAnnot(x$label)) :
     font "Times-Roman" could not be found for family "serif"
    Warning in grid.Call(C_stringMetric, as.graphicsAnnot(x$label)) :
     font "Times-Roman" could not be found for family "serif"
    Warning in grid.Call(C_stringMetric, as.graphicsAnnot(x$label)) :
     font "Times-Roman" could not be found for family "serif"
    Warning in grid.Call(C_stringMetric, as.graphicsAnnot(x$label)) :
     font "Times-Roman" could not be found for family "serif"
    Warning in grid.Call(C_stringMetric, as.graphicsAnnot(x$label)) :
     font "Times-Roman" could not be found for family "serif"
    Warning in grid.Call(C_stringMetric, as.graphicsAnnot(x$label)) :
     font "Times-Roman" could not be found for family "serif"
    Warning in grid.Call(C_stringMetric, as.graphicsAnnot(x$label)) :
     font "Times-Roman" could not be found for family "serif"
    Warning in grid.Call(C_stringMetric, as.graphicsAnnot(x$label)) :
     font "Times-Roman" could not be found for family "serif"
    Warning in grid.Call(C_stringMetric, as.graphicsAnnot(x$label)) :
     font "Times-Roman" could not be found for family "serif"
    Warning in grid.Call(C_stringMetric, as.graphicsAnnot(x$label)) :
     font "Times-Roman" could not be found for family "serif"
    Warning in grid.Call(C_stringMetric, as.graphicsAnnot(x$label)) :
     font "Times-Roman" could not be found for family "serif"
    Warning in grid.Call(C_stringMetric, as.graphicsAnnot(x$label)) :
     font "Times-Roman" could not be found for family "serif"
    Warning in grid.Call(C_stringMetric, as.graphicsAnnot(x$label)) :
     font "Times-Roman" could not be found for family "serif"
    Warning in grid.Call(C_stringMetric, as.graphicsAnnot(x$label)) :
     font "Times-Roman" could not be found for family "serif"
    Warning in grid.Call(C_stringMetric, as.graphicsAnnot(x$label)) :
     font "Times-Roman" could not be found for family "serif"
    Warning in grid.Call(C_stringMetric, as.graphicsAnnot(x$label)) :
     font "Times-Roman" could not be found for family "serif"
    Warning in grid.Call(C_stringMetric, as.graphicsAnnot(x$label)) :
     font "Times-Roman" could not be found for family "serif"
    Warning in grid.Call(C_stringMetric, as.graphicsAnnot(x$label)) :
     font "Times-Roman" could not be found for family "serif"
    Warning in grid.Call(C_stringMetric, as.graphicsAnnot(x$label)) :
     font "Times-Roman" could not be found for family "serif"
    Warning in grid.Call(C_stringMetric, as.graphicsAnnot(x$label)) :
     font "Times-Roman" could not be found for family "serif"
    Warning in grid.Call(C_stringMetric, as.graphicsAnnot(x$label)) :
     font "Times-Roman" could not be found for family "serif"
    Warning in grid.Call(C_stringMetric, as.graphicsAnnot(x$label)) :
     font "Times-Roman" could not be found for family "serif"
    Warning in grid.Call(C_stringMetric, as.graphicsAnnot(x$label)) :
     font "Times-Roman" could not be found for family "serif"
    Warning in grid.Call(C_stringMetric, as.graphicsAnnot(x$label)) :
     font "Times-Roman" could not be found for family "serif"
    Warning in grid.Call(C_stringMetric, as.graphicsAnnot(x$label)) :
     font "Times-Roman" could not be found for family "serif"
    Warning in grid.Call(C_stringMetric, as.graphicsAnnot(x$label)) :
     font "Times-Roman" could not be found for family "serif"
    Warning in grid.Call(C_stringMetric, as.graphicsAnnot(x$label)) :
     font "Times-Roman" could not be found for family "serif"
    Warning in grid.Call(C_stringMetric, as.graphicsAnnot(x$label)) :
     font "Times-Roman" could not be found for family "serif"
    Warning in grid.Call(C_textBounds, as.graphicsAnnot(x$label), x$x, x$y, :
     font "Times-Roman" could not be found for family "serif"
    Warning in grid.Call(C_textBounds, as.graphicsAnnot(x$label), x$x, x$y, :
     font "Times-Roman" could not be found for family "serif"
    Quitting from lines 271-272 (baggr.Rmd)
    Error: processing vignette 'baggr.Rmd' failed with diagnostics:
    polygon edge not found
    --- failed re-building ‘baggr.Rmd’
    
    --- re-building ‘baggr_binary.Rmd’ using rmarkdown
    Warning in engine$weave(file, quiet = quiet, encoding = enc) :
     Pandoc (>= 1.12.3) not available. Falling back to R Markdown v1.
    Quitting from lines 106-107 (baggr_binary.Rmd)
    Error: processing vignette 'baggr_binary.Rmd' failed with diagnostics:
    polygon edge not found
    --- failed re-building ‘baggr_binary.Rmd’
    
    SUMMARY: processing the following files failed:
     ‘baggr.Rmd’ ‘baggr_binary.Rmd’
    
    Error: Vignette re-building failed.
    Execution halted
Flavor: r-release-macos-arm64