CRAN Package Check Results for Package av

Last updated on 2021-08-03 07:54:12 CEST.

Flavor Version Tinstall Tcheck Ttotal Status Flags
r-devel-linux-x86_64-debian-clang 0.6.0 5.13 71.07 76.20 OK
r-devel-linux-x86_64-debian-gcc 0.6.0 3.70 53.31 57.01 OK
r-devel-linux-x86_64-fedora-clang 0.6.0 104.52 OK
r-devel-linux-x86_64-fedora-gcc 0.6.0 86.13 OK
r-devel-windows-x86_64 0.6.0 24.00 161.00 185.00 NOTE
r-devel-windows-x86_64-gcc10-UCRT 0.6.0 OK
r-patched-linux-x86_64 0.6.0 5.16 68.56 73.72 OK
r-release-linux-x86_64 0.6.0 4.79 69.03 73.82 OK
r-release-macos-arm64 0.6.0 NOTE
r-release-macos-x86_64 0.6.0 NOTE
r-release-windows-ix86+x86_64 0.6.0 41.00 257.00 298.00 NOTE
r-oldrel-macos-x86_64 0.6.0 NOTE
r-oldrel-windows-ix86+x86_64 0.6.0 37.00 301.00 338.00 NOTE

Check Details

Version: 0.6.0
Check: installed package size
Result: NOTE
     installed size is 28.9Mb
     sub-directories of 1Mb or more:
     libs 28.1Mb
Flavors: r-devel-windows-x86_64, r-release-macos-arm64, r-release-macos-x86_64, r-release-windows-ix86+x86_64, r-oldrel-macos-x86_64, r-oldrel-windows-ix86+x86_64