CRAN Package Check Results for Package autoTS

Last updated on 2021-06-14 07:48:30 CEST.

Flavor Version Tinstall Tcheck Ttotal Status Flags
r-devel-linux-x86_64-debian-clang 0.9.11 2.79 75.03 77.82 NOTE
r-devel-linux-x86_64-debian-gcc 0.9.11 2.34 54.09 56.43 NOTE
r-devel-linux-x86_64-fedora-clang 0.9.11 99.93 NOTE
r-devel-linux-x86_64-fedora-gcc 0.9.11 89.77 NOTE
r-devel-windows-x86_64 0.9.11 10.00 112.00 122.00 NOTE
r-devel-windows-x86_64-gcc10-UCRT 0.9.11 NOTE
r-patched-linux-x86_64 0.9.11 3.16 71.39 74.55 NOTE
r-patched-solaris-x86 0.9.11 128.40 NOTE
r-release-linux-x86_64 0.9.11 2.80 70.67 73.47 NOTE
r-release-macos-arm64 0.9.11 NOTE
r-release-macos-x86_64 0.9.11 NOTE
r-release-windows-ix86+x86_64 0.9.11 10.00 100.00 110.00 NOTE
r-oldrel-macos-x86_64 0.9.11 NOTE
r-oldrel-windows-ix86+x86_64 0.9.11 14.00 110.00 124.00 OK

Check Details

Version: 0.9.11
Check: LazyData
Result: NOTE
     'LazyData' is specified without a 'data' directory
Flavors: r-devel-linux-x86_64-debian-clang, r-devel-linux-x86_64-debian-gcc, r-devel-linux-x86_64-fedora-clang, r-devel-linux-x86_64-fedora-gcc, r-devel-windows-x86_64, r-devel-windows-x86_64-gcc10-UCRT, r-patched-linux-x86_64, r-patched-solaris-x86, r-release-linux-x86_64, r-release-macos-arm64, r-release-macos-x86_64, r-release-windows-ix86+x86_64

Version: 0.9.11
Check: dependencies in R code
Result: NOTE
    Namespaces in Imports field not imported from:
     ‘plotly’ ‘shinycssloaders’
     All declared Imports should be used.
Flavors: r-devel-linux-x86_64-fedora-clang, r-devel-linux-x86_64-fedora-gcc, r-devel-windows-x86_64-gcc10-UCRT, r-patched-solaris-x86, r-release-macos-arm64, r-release-macos-x86_64, r-oldrel-macos-x86_64