CRAN Package Check Results for Package auctestr

Last updated on 2021-06-14 07:48:30 CEST.

Flavor Version Tinstall Tcheck Ttotal Status Flags
r-devel-linux-x86_64-debian-clang 1.0.0 3.77 46.07 49.84 OK
r-devel-linux-x86_64-debian-gcc 1.0.0 2.52 34.54 37.06 OK
r-devel-linux-x86_64-fedora-clang 1.0.0 68.34 NOTE
r-devel-linux-x86_64-fedora-gcc 1.0.0 56.90 NOTE
r-devel-windows-x86_64 1.0.0 8.00 65.00 73.00 OK
r-devel-windows-x86_64-gcc10-UCRT 1.0.0 NOTE
r-patched-linux-x86_64 1.0.0 3.84 43.33 47.17 OK
r-patched-solaris-x86 1.0.0 90.20 NOTE
r-release-linux-x86_64 1.0.0 3.05 42.74 45.79 OK
r-release-macos-arm64 1.0.0 NOTE
r-release-macos-x86_64 1.0.0 NOTE
r-release-windows-ix86+x86_64 1.0.0 11.00 61.00 72.00 OK
r-oldrel-macos-x86_64 1.0.0 NOTE
r-oldrel-windows-ix86+x86_64 1.0.0 14.00 68.00 82.00 OK

Check Details

Version: 1.0.0
Check: dependencies in R code
Result: NOTE
    Namespace in Imports field not imported from: ‘tidyr’
     All declared Imports should be used.
Flavors: r-devel-linux-x86_64-fedora-clang, r-devel-linux-x86_64-fedora-gcc, r-devel-windows-x86_64-gcc10-UCRT, r-patched-solaris-x86, r-release-macos-arm64, r-release-macos-x86_64, r-oldrel-macos-x86_64