CRAN Package Check Results for Package asteRisk

Last updated on 2021-08-05 07:49:13 CEST.

Flavor Version Tinstall Tcheck Ttotal Status Flags
r-devel-linux-x86_64-debian-clang 1.1.0 12.58 69.65 82.23 NOTE
r-devel-linux-x86_64-debian-gcc 1.1.0 10.58 51.82 62.40 NOTE
r-devel-linux-x86_64-fedora-clang 1.1.0 120.61 NOTE
r-devel-linux-x86_64-fedora-gcc 1.1.0 99.87 NOTE
r-devel-windows-x86_64 1.1.0 19.00 84.00 103.00 NOTE
r-devel-windows-x86_64-gcc10-UCRT 1.1.0 WARN
r-patched-linux-x86_64 1.1.0 12.58 66.72 79.30 NOTE
r-patched-solaris-x86 1.1.0 117.30 NOTE
r-release-linux-x86_64 1.1.0 12.24 67.98 80.22 NOTE
r-release-macos-arm64 1.1.0 WARN
r-release-macos-x86_64 1.1.0 NOTE
r-release-windows-ix86+x86_64 1.1.0 21.00 81.00 102.00 NOTE
r-oldrel-macos-x86_64 1.1.0 NOTE
r-oldrel-windows-ix86+x86_64 1.1.0 15.00 82.00 97.00 NOTE

Check Details

Version: 1.1.0
Check: package dependencies
Result: NOTE
    Package suggested but not available for checking: 'asteRiskData'
Flavors: r-devel-linux-x86_64-debian-clang, r-devel-linux-x86_64-debian-gcc, r-devel-linux-x86_64-fedora-clang, r-devel-linux-x86_64-fedora-gcc, r-devel-windows-x86_64, r-patched-linux-x86_64, r-patched-solaris-x86, r-release-linux-x86_64, r-release-macos-x86_64, r-release-windows-ix86+x86_64, r-oldrel-macos-x86_64, r-oldrel-windows-ix86+x86_64

Version: 1.1.0
Check: package dependencies
Result: NOTE
    Packages suggested but not available for checking:
     'asteRiskData', 'plotly', 'dplyr', 'ggmap'
Flavor: r-devel-windows-x86_64-gcc10-UCRT

Version: 1.1.0
Check: re-building of vignette outputs
Result: WARN
    Error(s) in re-building vignettes:
    --- re-building 'asteRisk.Rmd' using rmarkdown
    To use all functionalities available in this package, including the
    high-precision numerical orbit propagator, you must install the
    asteRiskData package. To install it, run
    `install.packages('asteRiskData',
    repos='https://rafael-ayala.github.io/drat/')`.
    Quitting from lines 297-337 (asteRisk.Rmd)
    Error: processing vignette 'asteRisk.Rmd' failed with diagnostics:
    there is no package called 'ggmap'
    --- failed re-building 'asteRisk.Rmd'
    
    SUMMARY: processing the following file failed:
     'asteRisk.Rmd'
    
    Error: Vignette re-building failed.
    Execution halted
Flavor: r-devel-windows-x86_64-gcc10-UCRT

Version: 1.1.0
Check: package dependencies
Result: NOTE
    Packages suggested but not available for checking:
     'asteRiskData', 'BiocStyle'
Flavor: r-release-macos-arm64

Version: 1.1.0
Check: re-building of vignette outputs
Result: WARN
    Error(s) in re-building vignettes:
    --- re-building ‘asteRisk.Rmd’ using rmarkdown
    Warning in engine$weave(file, quiet = quiet, encoding = enc) :
     Pandoc (>= 1.12.3) not available. Falling back to R Markdown v1.
    To use all functionalities available in this package, including the
    high-precision numerical orbit propagator, you must install the
    asteRiskData package. To install it, run
    `install.packages('asteRiskData',
    repos='https://rafael-ayala.github.io/drat/')`.
    Loading required package: ggplot2
    Google's Terms of Service: https://cloud.google.com/maps-platform/terms/.
    Please cite ggmap if you use it! See citation("ggmap") for details.
    Source : http://tile.stamen.com/terrain/2/0/0.png
    Source : http://tile.stamen.com/terrain/2/1/0.png
    Source : http://tile.stamen.com/terrain/2/2/0.png
    Source : http://tile.stamen.com/terrain/2/3/0.png
    Source : http://tile.stamen.com/terrain/2/4/0.png
    Not Found (HTTP 404). Failed to aquire tile /terrain/2/4/0.png.
    Source : http://tile.stamen.com/terrain/2/0/1.png
    Source : http://tile.stamen.com/terrain/2/1/1.png
    Source : http://tile.stamen.com/terrain/2/2/1.png
    Source : http://tile.stamen.com/terrain/2/3/1.png
    Source : http://tile.stamen.com/terrain/2/4/1.png
    Not Found (HTTP 404). Failed to aquire tile /terrain/2/4/1.png.
    Source : http://tile.stamen.com/terrain/2/0/2.png
    Source : http://tile.stamen.com/terrain/2/1/2.png
    Source : http://tile.stamen.com/terrain/2/2/2.png
    Source : http://tile.stamen.com/terrain/2/3/2.png
    Source : http://tile.stamen.com/terrain/2/4/2.png
    Not Found (HTTP 404). Failed to aquire tile /terrain/2/4/2.png.
    Source : http://tile.stamen.com/terrain/2/0/3.png
    Source : http://tile.stamen.com/terrain/2/1/3.png
    Source : http://tile.stamen.com/terrain/2/2/3.png
    Source : http://tile.stamen.com/terrain/2/3/3.png
    Source : http://tile.stamen.com/terrain/2/4/3.png
    Not Found (HTTP 404). Failed to aquire tile /terrain/2/4/3.png.
    Quitting from lines 297-337 (asteRisk.Rmd)
    Error: processing vignette 'asteRisk.Rmd' failed with diagnostics:
    polygon edge not found
    --- failed re-building ‘asteRisk.Rmd’
    
    SUMMARY: processing the following file failed:
     ‘asteRisk.Rmd’
    
    Error: Vignette re-building failed.
    Execution halted
Flavor: r-release-macos-arm64