CRAN Package Check Results for Package assertive.numbers

Last updated on 2021-09-18 08:50:36 CEST.

Flavor Version Tinstall Tcheck Ttotal Status Flags
r-devel-linux-x86_64-debian-clang 0.0-2 2.91 27.82 30.73 NOTE
r-devel-linux-x86_64-debian-gcc 0.0-2 1.98 21.74 23.72 NOTE
r-devel-linux-x86_64-fedora-clang 0.0-2 48.47 NOTE
r-devel-linux-x86_64-fedora-gcc 0.0-2 35.74 NOTE
r-devel-windows-x86_64 0.0-2 4.00 39.00 43.00 NOTE
r-devel-windows-x86_64-gcc10-UCRT 0.0-2 NOTE
r-patched-linux-x86_64 0.0-2 3.02 26.97 29.99 NOTE
r-patched-solaris-x86 0.0-2 56.30 NOTE
r-release-linux-x86_64 0.0-2 2.94 27.40 30.34 NOTE
r-release-macos-arm64 0.0-2 NOTE
r-release-macos-x86_64 0.0-2 NOTE
r-release-windows-ix86+x86_64 0.0-2 5.00 44.00 49.00 NOTE
r-oldrel-macos-x86_64 0.0-2 OK
r-oldrel-windows-ix86+x86_64 0.0-2 6.00 36.00 42.00 OK

Check Details

Version: 0.0-2
Check: LazyData
Result: NOTE
     'LazyData' is specified without a 'data' directory
Flavors: r-devel-linux-x86_64-debian-clang, r-devel-linux-x86_64-debian-gcc, r-devel-linux-x86_64-fedora-clang, r-devel-linux-x86_64-fedora-gcc, r-devel-windows-x86_64, r-devel-windows-x86_64-gcc10-UCRT, r-patched-linux-x86_64, r-patched-solaris-x86, r-release-linux-x86_64, r-release-macos-arm64, r-release-macos-x86_64, r-release-windows-ix86+x86_64