CRAN Package Check Results for Package aslib

Last updated on 2021-09-18 08:50:36 CEST.

Flavor Version Tinstall Tcheck Ttotal Status Flags
r-devel-linux-x86_64-debian-clang 0.1.1 20.68 177.72 198.40 NOTE
r-devel-linux-x86_64-debian-gcc 0.1.1 15.86 130.75 146.61 NOTE
r-devel-linux-x86_64-fedora-clang 0.1.1 249.68 NOTE
r-devel-linux-x86_64-fedora-gcc 0.1.1 229.05 NOTE
r-devel-windows-x86_64 0.1.1 21.00 162.00 183.00 NOTE
r-devel-windows-x86_64-gcc10-UCRT 0.1.1 NOTE
r-patched-linux-x86_64 0.1.1 18.52 167.51 186.03 NOTE
r-release-linux-x86_64 0.1.1 18.25 169.01 187.26 NOTE
r-release-macos-arm64 0.1.1 NOTE
r-release-macos-x86_64 0.1.1 NOTE
r-release-windows-ix86+x86_64 0.1.1 39.00 182.00 221.00 NOTE
r-oldrel-macos-x86_64 0.1.1 OK
r-oldrel-windows-ix86+x86_64 0.1.1 52.00 142.00 194.00 OK

Check Details

Version: 0.1.1
Check: LazyData
Result: NOTE
     'LazyData' is specified without a 'data' directory
Flavors: r-devel-linux-x86_64-debian-clang, r-devel-linux-x86_64-debian-gcc, r-devel-linux-x86_64-fedora-clang, r-devel-linux-x86_64-fedora-gcc, r-devel-windows-x86_64, r-devel-windows-x86_64-gcc10-UCRT, r-patched-linux-x86_64, r-release-linux-x86_64, r-release-macos-arm64, r-release-macos-x86_64, r-release-windows-ix86+x86_64