Last updated on 2022-08-12 07:53:09 CEST.
Flavor | Version | Tinstall | Tcheck | Ttotal | Status | Flags |
---|---|---|---|---|---|---|
r-devel-linux-x86_64-debian-clang | 0.1.1 | 23.65 | 202.70 | 226.35 | NOTE | |
r-devel-linux-x86_64-debian-gcc | 0.1.1 | 16.10 | 156.28 | 172.38 | NOTE | |
r-devel-linux-x86_64-fedora-clang | 0.1.1 | 257.35 | NOTE | |||
r-devel-linux-x86_64-fedora-gcc | 0.1.1 | 267.00 | NOTE | |||
r-devel-windows-x86_64 | 0.1.1 | 43.00 | 183.00 | 226.00 | NOTE | |
r-patched-linux-x86_64 | 0.1.1 | 21.67 | 195.37 | 217.04 | NOTE | |
r-release-linux-x86_64 | 0.1.1 | 18.96 | 196.15 | 215.11 | NOTE | |
r-release-macos-arm64 | 0.1.1 | 65.00 | NOTE | |||
r-release-macos-x86_64 | 0.1.1 | 132.00 | NOTE | |||
r-release-windows-x86_64 | 0.1.1 | 48.00 | 187.00 | 235.00 | NOTE | |
r-oldrel-macos-arm64 | 0.1.1 | 88.00 | NOTE | |||
r-oldrel-macos-x86_64 | 0.1.1 | 116.00 | NOTE | |||
r-oldrel-windows-ix86+x86_64 | 0.1.1 | 46.00 | 196.00 | 242.00 | NOTE |
Version: 0.1.1
Check: LazyData
Result: NOTE
'LazyData' is specified without a 'data' directory
Flavors: r-devel-linux-x86_64-debian-clang, r-devel-linux-x86_64-debian-gcc, r-devel-linux-x86_64-fedora-clang, r-devel-linux-x86_64-fedora-gcc, r-devel-windows-x86_64, r-patched-linux-x86_64, r-release-linux-x86_64, r-release-macos-arm64, r-release-macos-x86_64, r-release-windows-x86_64, r-oldrel-macos-arm64, r-oldrel-macos-x86_64, r-oldrel-windows-ix86+x86_64
Version: 0.1.1
Check: HTML version of manual
Result: NOTE
Found the following HTML validation problems:
getCostsAndPresolvedStatus.html:55:38: Warning: <code> is probably intended as </code>
getCostsAndPresolvedStatus.html:55:74: Warning: discarding unexpected </code>
getCostsAndPresolvedStatus.html:55:82: Warning: discarding unexpected </code>
getCostsAndPresolvedStatus.html:59:38: Warning: <code> is probably intended as </code>
getCostsAndPresolvedStatus.html:59:75: Warning: discarding unexpected </code>
getCostsAndPresolvedStatus.html:59:83: Warning: discarding unexpected </code>
getCostsAndPresolvedStatus.html:63:38: Warning: <code> is probably intended as </code>
getCostsAndPresolvedStatus.html:63:67: Warning: discarding unexpected </code>
getCostsAndPresolvedStatus.html:63:75: Warning: discarding unexpected </code>
Flavors: r-devel-linux-x86_64-debian-clang, r-devel-linux-x86_64-debian-gcc