CRAN Package Check Results for Package askpass

Last updated on 2021-09-20 07:50:19 CEST.

Flavor Version Tinstall Tcheck Ttotal Status Flags
r-devel-linux-x86_64-debian-clang 1.1 2.44 21.44 23.88 NOTE
r-devel-linux-x86_64-debian-gcc 1.1 1.88 17.08 18.96 NOTE
r-devel-linux-x86_64-fedora-clang 1.1 38.15 NOTE
r-devel-linux-x86_64-fedora-gcc 1.1 27.96 NOTE
r-devel-windows-x86_64 1.1 6.00 28.00 34.00 NOTE
r-devel-windows-x86_64-gcc10-UCRT 1.1 ERROR
r-patched-linux-x86_64 1.1 2.43 20.85 23.28 NOTE
r-patched-solaris-x86 1.1 45.10 NOTE
r-release-linux-x86_64 1.1 2.12 20.76 22.88 NOTE
r-release-macos-arm64 1.1 NOTE
r-release-macos-x86_64 1.1 NOTE
r-release-windows-ix86+x86_64 1.1 12.00 45.00 57.00 NOTE
r-oldrel-macos-x86_64 1.1 OK
r-oldrel-windows-ix86+x86_64 1.1 10.00 34.00 44.00 OK

Check Details

Version: 1.1
Check: LazyData
Result: NOTE
     'LazyData' is specified without a 'data' directory
Flavors: r-devel-linux-x86_64-debian-clang, r-devel-linux-x86_64-debian-gcc, r-devel-linux-x86_64-fedora-clang, r-devel-linux-x86_64-fedora-gcc, r-devel-windows-x86_64, r-patched-linux-x86_64, r-patched-solaris-x86, r-release-linux-x86_64, r-release-macos-arm64, r-release-macos-x86_64, r-release-windows-ix86+x86_64

Version: 1.1
Check: whether package can be installed
Result: ERROR
    Installation failed.
Flavor: r-devel-windows-x86_64-gcc10-UCRT