CRAN Package Check Results for Package artemis

Last updated on 2021-07-28 07:49:10 CEST.

Flavor Version Tinstall Tcheck Ttotal Status Flags
r-devel-linux-x86_64-debian-clang 1.0.7 NOTE
r-devel-linux-x86_64-debian-gcc 1.0.7 479.60 255.29 734.89 NOTE
r-devel-linux-x86_64-fedora-clang 1.0.7 1191.91 NOTE
r-devel-linux-x86_64-fedora-gcc 1.0.7 1283.59 NOTE
r-devel-windows-x86_64 1.0.7 353.00 9.00 362.00 ERROR
r-devel-windows-x86_64-gcc10-UCRT 1.0.7 NOTE
r-patched-linux-x86_64 1.0.7 464.69 332.32 797.01 NOTE
r-patched-solaris-x86 1.0.7 1306.70 NOTE
r-release-linux-x86_64 1.0.7 487.41 330.89 818.30 NOTE
r-release-macos-arm64 1.0.7 WARN
r-release-macos-x86_64 1.0.7 NOTE
r-release-windows-ix86+x86_64 1.0.7 1219.00 509.00 1728.00 NOTE
r-oldrel-macos-x86_64 1.0.7 NOTE
r-oldrel-windows-ix86+x86_64 1.0.7 1069.00 659.00 1728.00 NOTE

Check Details

Version: 1.0.7
Check: for GNU extensions in Makefiles
Result: NOTE
    GNU make is a SystemRequirements.
Flavors: r-devel-linux-x86_64-debian-clang, r-devel-linux-x86_64-debian-gcc, r-devel-linux-x86_64-fedora-clang, r-devel-linux-x86_64-fedora-gcc, r-devel-windows-x86_64-gcc10-UCRT, r-patched-linux-x86_64, r-patched-solaris-x86, r-release-linux-x86_64, r-release-macos-arm64, r-release-macos-x86_64, r-release-windows-ix86+x86_64, r-oldrel-macos-x86_64, r-oldrel-windows-ix86+x86_64

Version: 1.0.7
Check: installed package size
Result: NOTE
     installed size is 74.8Mb
     sub-directories of 1Mb or more:
     libs 73.9Mb
Flavors: r-devel-linux-x86_64-fedora-clang, r-patched-solaris-x86, r-release-macos-arm64, r-release-macos-x86_64, r-release-windows-ix86+x86_64, r-oldrel-macos-x86_64, r-oldrel-windows-ix86+x86_64

Version: 1.0.7
Check: whether package can be installed
Result: ERROR
    Installation failed.
Flavor: r-devel-windows-x86_64

Version: 1.0.7
Check: line endings in C/C++/Fortran sources/headers
Result: NOTE
    Found the following sources/headers with CR or CRLF line endings:
     src/RcppExports.cpp
    Some Unix compilers require LF line endings.
Flavor: r-devel-windows-x86_64-gcc10-UCRT

Version: 1.0.7
Check: re-building of vignette outputs
Result: WARN
    Error(s) in re-building vignettes:
    --- re-building ‘artemis-overview.Rmd’ using rmarkdown
    Warning in engine$weave(file, quiet = quiet, encoding = enc) :
     Pandoc (>= 1.12.3) not available. Falling back to R Markdown v1.
    Loading required package: ggplot2
    Loading required package: loo
    This is loo version 2.4.1
    - Online documentation and vignettes at mc-stan.org/loo
    - As of v2.0.0 loo defaults to 1 core but we recommend using as many as possible. Use the 'cores' argument or set options(mc.cores = NUM_CORES) for an entire session.
    Quitting from lines 164-166 (artemis-overview.Rmd)
    Error: processing vignette 'artemis-overview.Rmd' failed with diagnostics:
    polygon edge not found
    --- failed re-building ‘artemis-overview.Rmd’
    
    --- re-building ‘modeling.Rmd’ using rmarkdown
    Warning in engine$weave(file, quiet = quiet, encoding = enc) :
     Pandoc (>= 1.12.3) not available. Falling back to R Markdown v1.
    Loading required package: ggplot2
    Loading required package: loo
    This is loo version 2.4.1
    - Online documentation and vignettes at mc-stan.org/loo
    - As of v2.0.0 loo defaults to 1 core but we recommend using as many as possible. Use the 'cores' argument or set options(mc.cores = NUM_CORES) for an entire session.
    --- finished re-building ‘modeling.Rmd’
    
    --- re-building ‘simulation.Rmd’ using rmarkdown
    Warning in engine$weave(file, quiet = quiet, encoding = enc) :
     Pandoc (>= 1.12.3) not available. Falling back to R Markdown v1.
    Loading required package: ggplot2
    Loading required package: loo
    This is loo version 2.4.1
    - Online documentation and vignettes at mc-stan.org/loo
    - As of v2.0.0 loo defaults to 1 core but we recommend using as many as possible. Use the 'cores' argument or set options(mc.cores = NUM_CORES) for an entire session.
    Quitting from lines 130-131 (simulation.Rmd)
    Error: processing vignette 'simulation.Rmd' failed with diagnostics:
    polygon edge not found
    --- failed re-building ‘simulation.Rmd’
    
    SUMMARY: processing the following files failed:
     ‘artemis-overview.Rmd’ ‘simulation.Rmd’
    
    Error: Vignette re-building failed.
    Execution halted
Flavor: r-release-macos-arm64