CRAN Package Check Results for Package arrangements

Last updated on 2021-09-20 07:50:19 CEST.

Flavor Version Tinstall Tcheck Ttotal Status Flags
r-devel-linux-x86_64-debian-clang 1.1.9 33.37 35.15 68.52 OK
r-devel-linux-x86_64-debian-gcc 1.1.9 14.57 27.17 41.74 OK
r-devel-linux-x86_64-fedora-clang 1.1.9 91.50 OK
r-devel-linux-x86_64-fedora-gcc 1.1.9 67.62 OK
r-devel-windows-x86_64 1.1.9 25.00 42.00 67.00 OK
r-devel-windows-x86_64-gcc10-UCRT 1.1.9 ERROR
r-patched-linux-x86_64 1.1.9 18.26 33.80 52.06 OK
r-patched-solaris-x86 1.1.9 113.60 OK
r-release-linux-x86_64 1.1.9 17.44 33.68 51.12 OK
r-release-macos-arm64 1.1.9 OK
r-release-macos-x86_64 1.1.9 OK
r-release-windows-ix86+x86_64 1.1.9 51.00 76.00 127.00 OK
r-oldrel-macos-x86_64 1.1.9 OK
r-oldrel-windows-ix86+x86_64 1.1.9 50.00 76.00 126.00 OK

Check Details

Version: 1.1.9
Check: whether package can be installed
Result: ERROR
    Installation failed.
Flavor: r-devel-windows-x86_64-gcc10-UCRT