Last updated on 2022-05-16 08:50:01 CEST.
Flavor | Version | Tinstall | Tcheck | Ttotal | Status | Flags |
---|---|---|---|---|---|---|
r-devel-linux-x86_64-debian-clang | 0.2.0 | 3.76 | 41.15 | 44.91 | NOTE | |
r-devel-linux-x86_64-debian-gcc | 0.2.0 | 2.97 | 31.77 | 34.74 | NOTE | |
r-devel-linux-x86_64-fedora-clang | 0.2.0 | 56.43 | NOTE | |||
r-devel-linux-x86_64-fedora-gcc | 0.2.0 | 51.92 | NOTE | |||
r-devel-windows-x86_64 | 0.2.0 | 145.00 | 73.00 | 218.00 | NOTE | |
r-patched-linux-x86_64 | 0.2.0 | 4.23 | 39.69 | 43.92 | NOTE | |
r-release-linux-x86_64 | 0.2.0 | 4.45 | 38.83 | 43.28 | NOTE | |
r-release-macos-arm64 | 0.2.0 | 23.00 | NOTE | |||
r-release-macos-x86_64 | 0.2.0 | 26.00 | NOTE | |||
r-release-windows-x86_64 | 0.2.0 | 181.00 | 66.00 | 247.00 | NOTE | |
r-oldrel-macos-arm64 | 0.2.0 | 24.00 | NOTE | |||
r-oldrel-macos-x86_64 | 0.2.0 | 32.00 | NOTE | |||
r-oldrel-windows-ix86+x86_64 | 0.2.0 | 9.00 | 56.00 | 65.00 | NOTE |
Version: 0.2.0
Check: LazyData
Result: NOTE
'LazyData' is specified without a 'data' directory
Flavors: r-devel-linux-x86_64-debian-clang, r-devel-linux-x86_64-debian-gcc, r-devel-linux-x86_64-fedora-clang, r-devel-linux-x86_64-fedora-gcc, r-devel-windows-x86_64, r-patched-linux-x86_64, r-release-linux-x86_64, r-release-macos-arm64, r-release-macos-x86_64, r-release-windows-x86_64, r-oldrel-macos-arm64, r-oldrel-macos-x86_64, r-oldrel-windows-ix86+x86_64