CRAN Package Check Results for Package archivist.github

Last updated on 2022-01-17 07:49:25 CET.

Flavor Version Tinstall Tcheck Ttotal Status Flags
r-devel-linux-x86_64-debian-clang 0.2.6 6.49 65.84 72.33 NOTE
r-devel-linux-x86_64-debian-gcc 0.2.6 4.84 51.60 56.44 NOTE
r-devel-linux-x86_64-fedora-clang 0.2.6 84.01 NOTE
r-devel-linux-x86_64-fedora-gcc 0.2.6 72.82 NOTE
r-devel-windows-x86_64-new-UL 0.2.6 84.00 87.00 171.00 NOTE
r-devel-windows-x86_64-new-TK 0.2.6 NOTE
r-patched-linux-x86_64 0.2.6 11.17 63.60 74.77 NOTE
r-release-linux-x86_64 0.2.6 NOTE
r-release-macos-arm64 0.2.6 NOTE
r-release-macos-x86_64 0.2.6 NOTE
r-release-windows-ix86+x86_64 0.2.6 14.00 82.00 96.00 NOTE
r-oldrel-macos-x86_64 0.2.6 OK
r-oldrel-windows-ix86+x86_64 0.2.6 15.00 78.00 93.00 OK

Check Details

Version: 0.2.6
Check: LazyData
Result: NOTE
     'LazyData' is specified without a 'data' directory
Flavors: r-devel-linux-x86_64-debian-clang, r-devel-linux-x86_64-debian-gcc, r-devel-linux-x86_64-fedora-clang, r-devel-linux-x86_64-fedora-gcc, r-devel-windows-x86_64-new-UL, r-devel-windows-x86_64-new-TK, r-patched-linux-x86_64, r-release-linux-x86_64, r-release-macos-arm64, r-release-macos-x86_64, r-release-windows-ix86+x86_64