CRAN Package Check Results for Package archdata

Last updated on 2021-10-20 07:49:39 CEST.

Flavor Version Tinstall Tcheck Ttotal Status Flags
r-devel-linux-x86_64-debian-clang 1.2-1 1.99 32.29 34.28 OK
r-devel-linux-x86_64-debian-gcc 1.2-1 1.46 25.99 27.45 OK
r-devel-linux-x86_64-fedora-clang 1.2-1 53.93 NOTE
r-devel-linux-x86_64-fedora-gcc 1.2-1 44.21 NOTE
r-devel-windows-x86_64 1.2-1 4.00 62.00 66.00 OK
r-devel-windows-x86_64-gcc10-UCRT 1.2-1 NOTE
r-patched-linux-x86_64 1.2-1 2.63 32.16 34.79 OK
r-patched-solaris-x86 1.2-1 72.60 NOTE
r-release-linux-x86_64 1.2-1 1.76 32.47 34.23 OK
r-release-macos-arm64 1.2-1 NOTE
r-release-macos-x86_64 1.2-1 NOTE
r-release-windows-ix86+x86_64 1.2-1 4.00 70.00 74.00 OK
r-oldrel-macos-x86_64 1.2-1 NOTE
r-oldrel-windows-ix86+x86_64 1.2-1 5.00 66.00 71.00 OK

Check Details

Version: 1.2-1
Check: data for non-ASCII characters
Result: NOTE
     Note: found 76 marked Latin-1 strings
Flavors: r-devel-linux-x86_64-fedora-clang, r-devel-linux-x86_64-fedora-gcc, r-devel-windows-x86_64-gcc10-UCRT, r-patched-solaris-x86, r-release-macos-arm64, r-release-macos-x86_64, r-oldrel-macos-x86_64