CRAN Package Check Results for Package archdata

Last updated on 2021-05-08 07:48:00 CEST.

Flavor Version Tinstall Tcheck Ttotal Status Flags
r-devel-linux-x86_64-debian-clang 1.2-1 1.66 34.46 36.12 OK
r-devel-linux-x86_64-debian-gcc 1.2-1 1.39 27.09 28.48 OK
r-devel-linux-x86_64-fedora-clang 1.2-1 55.14 NOTE
r-devel-linux-x86_64-fedora-gcc 1.2-1 45.16 NOTE
r-devel-windows-ix86+x86_64 1.2-1 4.00 61.00 65.00 OK
r-devel-windows-x86_64-gcc10-UCRT 1.2-1 NOTE
r-patched-linux-x86_64 1.2-1 2.24 33.88 36.12 OK
r-patched-solaris-x86 1.2-1 75.40 NOTE
r-release-linux-x86_64 1.2-1 1.48 34.74 36.22 OK
r-release-macos-x86_64 1.2-1 NOTE
r-release-windows-ix86+x86_64 1.2-1 4.00 46.00 50.00 OK
r-oldrel-macos-x86_64 1.2-1 NOTE
r-oldrel-windows-ix86+x86_64 1.2-1 3.00 47.00 50.00 OK

Check Details

Version: 1.2-1
Check: data for non-ASCII characters
Result: NOTE
     Note: found 76 marked Latin-1 strings
Flavors: r-devel-linux-x86_64-fedora-clang, r-devel-linux-x86_64-fedora-gcc, r-devel-windows-x86_64-gcc10-UCRT, r-patched-solaris-x86, r-release-macos-x86_64, r-oldrel-macos-x86_64