CRAN Package Check Results for Package antaresViz

Last updated on 2021-10-27 07:56:00 CEST.

Flavor Version Tinstall Tcheck Ttotal Status Flags
r-devel-linux-x86_64-debian-clang 0.16 39.32 452.98 492.30 OK
r-devel-linux-x86_64-debian-gcc 0.16 32.69 369.65 402.34 OK
r-devel-linux-x86_64-fedora-clang 0.16 544.03 OK
r-devel-linux-x86_64-fedora-gcc 0.16 529.65 OK
r-devel-windows-x86_64 0.16 67.00 481.00 548.00 OK
r-devel-windows-x86_64-gcc10-UCRT 0.16 OK
r-patched-linux-x86_64 0.16 42.60 432.97 475.57 OK
r-patched-solaris-x86 0.16 474.60 OK
r-release-linux-x86_64 0.16 33.77 421.44 455.21 OK
r-release-macos-arm64 0.16 ERROR
r-release-macos-x86_64 0.16 OK
r-release-windows-ix86+x86_64 0.16 69.00 495.00 564.00 OK
r-oldrel-macos-x86_64 0.16 OK
r-oldrel-windows-ix86+x86_64 0.16 71.00 351.00 422.00 OK

Check Details

Version: 0.16
Check: tests
Result: ERROR
     Running ‘testthat.R’ [18s/20s]
    Running the tests in ‘tests/testthat.R’ failed.
    Last 13 lines of output:
     `expected` is a logical vector (TRUE)
     ── Failure (test-prodStack.R:456:3): prodStack must work with refStudy, if interactive is set to TRUE and if x is a list of antaresDataList and refStudy an antaresDataList , ──
     isTRUE(...) is not TRUE
    
     `actual`: FALSE
     `expected`: TRUE
     ── Failure (test-prodStack.R:470:3): prodStack must work with refStudy, if interactive is set to TRUE and if x is a list of antaresDataList and refStudy an antaresDataList , ──
     all.equal(...) is not TRUE
    
     `actual` is a character vector ('Mean absolute difference: 2500')
     `expected` is a logical vector (TRUE)
    
     [ FAIL 12 | WARN 1 | SKIP 13 | PASS 290 ]
     Error: Test failures
     Execution halted
Flavor: r-release-macos-arm64