CRAN Package Check Results for Package antaresViz

Last updated on 2021-08-03 07:54:12 CEST.

Flavor Version Tinstall Tcheck Ttotal Status Flags
r-devel-linux-x86_64-debian-clang 0.16 24.88 315.80 340.68 OK
r-devel-linux-x86_64-debian-gcc 0.16 20.23 286.60 306.83 OK
r-devel-linux-x86_64-fedora-clang 0.16 370.52 OK
r-devel-linux-x86_64-fedora-gcc 0.16 351.44 OK
r-devel-windows-x86_64 0.16 44.00 329.00 373.00 OK
r-devel-windows-x86_64-gcc10-UCRT 0.16 OK
r-patched-linux-x86_64 0.16 28.77 289.95 318.72 OK
r-patched-solaris-x86 0.16 476.80 OK
r-release-linux-x86_64 0.16 25.16 286.58 311.74 OK
r-release-macos-arm64 0.16 ERROR
r-release-macos-x86_64 0.16 OK
r-release-windows-ix86+x86_64 0.16 64.00 328.00 392.00 OK
r-oldrel-macos-x86_64 0.16 OK
r-oldrel-windows-ix86+x86_64 0.16 69.00 444.00 513.00 OK

Check Details

Version: 0.16
Check: tests
Result: ERROR
     Running ‘testthat.R’ [14s/14s]
    Running the tests in ‘tests/testthat.R’ failed.
    Last 13 lines of output:
     `expected` is a logical vector (TRUE)
     ── Failure (test-prodStack.R:456:3): prodStack must work with refStudy, if interactive is set to TRUE and if x is a list of antaresDataList and refStudy an antaresDataList , ──
     isTRUE(...) is not TRUE
    
     `actual`: FALSE
     `expected`: TRUE
     ── Failure (test-prodStack.R:470:3): prodStack must work with refStudy, if interactive is set to TRUE and if x is a list of antaresDataList and refStudy an antaresDataList , ──
     all.equal(...) is not TRUE
    
     `actual` is a character vector ('Mean absolute difference: 2500')
     `expected` is a logical vector (TRUE)
    
     [ FAIL 12 | WARN 1 | SKIP 13 | PASS 290 ]
     Error: Test failures
     Execution halted
Flavor: r-release-macos-arm64