CRAN Package Check Results for Package anipaths

Last updated on 2021-07-31 07:50:30 CEST.

Flavor Version Tinstall Tcheck Ttotal Status Flags
r-devel-linux-x86_64-debian-clang 0.10.1 21.64 171.55 193.19 OK
r-devel-linux-x86_64-debian-gcc 0.10.1 17.55 128.94 146.49 OK
r-devel-linux-x86_64-fedora-clang 0.10.1 247.24 OK
r-devel-linux-x86_64-fedora-gcc 0.10.1 238.95 OK
r-devel-windows-x86_64 0.10.1 36.00 193.00 229.00 OK
r-devel-windows-x86_64-gcc10-UCRT 0.10.1 OK
r-patched-linux-x86_64 0.10.1 OK
r-patched-solaris-x86 0.10.1 329.20 OK
r-release-linux-x86_64 0.10.1 20.99 161.66 182.65 OK
r-release-macos-arm64 0.10.1 OK
r-release-macos-x86_64 0.10.1 OK
r-release-windows-ix86+x86_64 0.10.1 45.00 193.00 238.00 OK
r-oldrel-macos-x86_64 0.10.1 OK
r-oldrel-windows-ix86+x86_64 0.10.1 43.00 228.00 271.00 WARN

Check Details

Version: 0.10.1
Check: re-building of vignette outputs
Result: WARN
    Error(s) in re-building vignettes:
    --- re-building 'anipaths.Rmd' using rmarkdown
    --- finished re-building 'anipaths.Rmd'
    
    --- re-building 'anipaths_crawl.Rmd' using rmarkdown
    pandoc.exe: getMBlocks: VirtualAlloc MEM_COMMIT failed
    Error: processing vignette 'anipaths_crawl.Rmd' failed with diagnostics:
    pandoc document conversion failed with error 251
    --- failed re-building 'anipaths_crawl.Rmd'
    
    SUMMARY: processing the following file failed:
     'anipaths_crawl.Rmd'
    
    Error: Vignette re-building failed.
    Execution halted
Flavor: r-oldrel-windows-ix86+x86_64