CRAN Package Check Results for Package animaltracker

Last updated on 2021-06-24 07:50:02 CEST.

Flavor Version Tinstall Tcheck Ttotal Status Flags
r-devel-linux-x86_64-debian-clang 0.2.0 10.30 83.23 93.53 OK
r-devel-linux-x86_64-debian-gcc 0.2.0 7.89 61.42 69.31 OK
r-devel-linux-x86_64-fedora-clang 0.2.0 119.43 NOTE
r-devel-linux-x86_64-fedora-gcc 0.2.0 107.48 OK
r-devel-windows-x86_64 0.2.0 15.00 100.00 115.00 OK
r-devel-windows-x86_64-gcc10-UCRT 0.2.0 ERROR
r-patched-linux-x86_64 0.2.0 9.24 78.42 87.66 OK
r-patched-solaris-x86 0.2.0 148.20 OK
r-release-linux-x86_64 0.2.0 8.60 77.50 86.10 OK
r-release-macos-arm64 0.2.0 OK
r-release-macos-x86_64 0.2.0 OK
r-release-windows-ix86+x86_64 0.2.0 17.00 80.00 97.00 OK
r-oldrel-macos-x86_64 0.2.0 OK

Check Details

Version: 0.2.0
Check: package dependencies
Result: NOTE
    Imports includes 22 non-default packages.
    Importing from so many packages makes the package vulnerable to any of
    them becoming unavailable. Move as many as possible to Suggests and
    use conditionally.
Flavor: r-devel-linux-x86_64-fedora-clang

Version: 0.2.0
Check: package dependencies
Result: ERROR
    Package required but not available: 'httr'
    
    See section 'The DESCRIPTION file' in the 'Writing R Extensions'
    manual.
Flavor: r-devel-windows-x86_64-gcc10-UCRT