CRAN Package Check Results for Package altair

Last updated on 2021-06-23 07:50:09 CEST.

Flavor Version Tinstall Tcheck Ttotal Status Flags
r-devel-linux-x86_64-debian-clang 4.1.1 7.30 75.81 83.11 NOTE
r-devel-linux-x86_64-debian-gcc 4.1.1 5.19 56.65 61.84 NOTE
r-devel-linux-x86_64-fedora-clang 4.1.1 107.59 NOTE
r-devel-linux-x86_64-fedora-gcc 4.1.1 93.66 NOTE
r-devel-windows-x86_64 4.1.1 10.00 89.00 99.00 NOTE
r-devel-windows-x86_64-gcc10-UCRT 4.1.1 NOTE
r-patched-linux-x86_64 4.1.1 6.94 70.22 77.16 NOTE
r-patched-solaris-x86 4.1.1 143.10 NOTE
r-release-linux-x86_64 4.1.1 6.63 71.23 77.86 NOTE
r-release-macos-arm64 4.1.1 NOTE
r-release-macos-x86_64 4.1.1 NOTE
r-release-windows-ix86+x86_64 4.1.1 13.00 70.00 83.00 NOTE
r-oldrel-macos-x86_64 4.1.1 OK

Check Details

Version: 4.1.1
Check: LazyData
Result: NOTE
     'LazyData' is specified without a 'data' directory
Flavors: r-devel-linux-x86_64-debian-clang, r-devel-linux-x86_64-debian-gcc, r-devel-linux-x86_64-fedora-clang, r-devel-linux-x86_64-fedora-gcc, r-devel-windows-x86_64, r-devel-windows-x86_64-gcc10-UCRT, r-patched-linux-x86_64, r-patched-solaris-x86, r-release-linux-x86_64, r-release-macos-arm64, r-release-macos-x86_64, r-release-windows-ix86+x86_64

Version: 4.1.1
Check: package dependencies
Result: NOTE
    Packages suggested but not available for checking: 'httr', 'pkgdown'
Flavor: r-devel-windows-x86_64-gcc10-UCRT

Version: 4.1.1
Check: package dependencies
Result: NOTE
    Package suggested but not available for checking: ‘rsvg’
Flavor: r-patched-solaris-x86