CRAN Package Check Results for Package akc

Last updated on 2021-08-03 07:54:12 CEST.

Flavor Version Tinstall Tcheck Ttotal Status Flags
r-devel-linux-x86_64-debian-clang 0.9.5 14.10 179.85 193.95 OK
r-devel-linux-x86_64-debian-gcc 0.9.5 11.63 131.45 143.08 OK
r-devel-linux-x86_64-fedora-clang 0.9.5 231.50 OK
r-devel-linux-x86_64-fedora-gcc 0.9.5 217.75 OK
r-devel-windows-x86_64 0.9.5 29.00 202.00 231.00 OK
r-devel-windows-x86_64-gcc10-UCRT 0.9.5 OK
r-patched-linux-x86_64 0.9.5 20.79 163.67 184.46 OK
r-patched-solaris-x86 0.9.5 282.90 OK
r-release-linux-x86_64 0.9.5 13.15 163.23 176.38 OK
r-release-macos-arm64 0.9.5 WARN
r-release-macos-x86_64 0.9.5 OK
r-release-windows-ix86+x86_64 0.9.5 34.00 198.00 232.00 OK
r-oldrel-macos-x86_64 0.9.5 OK
r-oldrel-windows-ix86+x86_64 0.9.5 36.00 213.00 249.00 OK

Check Details

Version: 0.9.5
Check: re-building of vignette outputs
Result: WARN
    Error(s) in re-building vignettes:
     ...
    --- re-building ‘akc_vignette.Rmd’ using rmarkdown
    Warning in engine$weave(file, quiet = quiet, encoding = enc) :
     Pandoc (>= 1.12.3) not available. Falling back to R Markdown v1.
    Quitting from lines 90-92 (akc_vignette.Rmd)
    Error: processing vignette 'akc_vignette.Rmd' failed with diagnostics:
    polygon edge not found
    --- failed re-building ‘akc_vignette.Rmd’
    
    --- re-building ‘tutorial_raw_text.Rmd’ using rmarkdown
    Warning in engine$weave(file, quiet = quiet, encoding = enc) :
     Pandoc (>= 1.12.3) not available. Falling back to R Markdown v1.
    Quitting from lines 85-87 (tutorial_raw_text.Rmd)
    Error: processing vignette 'tutorial_raw_text.Rmd' failed with diagnostics:
    polygon edge not found
    --- failed re-building ‘tutorial_raw_text.Rmd’
    
    SUMMARY: processing the following files failed:
     ‘akc_vignette.Rmd’ ‘tutorial_raw_text.Rmd’
    
    Error: Vignette re-building failed.
    Execution halted
Flavor: r-release-macos-arm64