CRAN Package Check Results for Package airGR

Last updated on 2021-06-22 07:49:19 CEST.

Flavor Version Tinstall Tcheck Ttotal Status Flags
r-devel-linux-x86_64-debian-clang 1.6.12 14.08 140.14 154.22 OK
r-devel-linux-x86_64-debian-gcc 1.6.12 11.19 105.41 116.60 OK
r-devel-linux-x86_64-fedora-clang 1.6.12 191.84 OK
r-devel-linux-x86_64-fedora-gcc 1.6.12 193.07 OK
r-devel-windows-x86_64 1.6.12 25.00 185.00 210.00 OK
r-devel-windows-x86_64-gcc10-UCRT 1.6.12 ERROR
r-patched-linux-x86_64 1.6.12 15.20 134.73 149.93 OK
r-patched-solaris-x86 1.6.12 243.00 OK
r-release-linux-x86_64 1.6.12 13.21 134.24 147.45 OK
r-release-macos-arm64 1.6.12 OK
r-release-macos-x86_64 1.6.12 OK
r-release-windows-ix86+x86_64 1.6.12 31.00 269.00 300.00 OK
r-oldrel-macos-x86_64 1.6.12 OK

Check Details

Version: 1.6.12
Check: package dependencies
Result: NOTE
    Package suggested but not available for checking: 'imputeTS'
Flavor: r-devel-windows-x86_64-gcc10-UCRT

Version: 1.6.12
Check: tests
Result: ERROR
     Running 'testthat.R'
    Running the tests in 'tests/testthat.R' failed.
    Last 13 lines of output:
     * On CRAN (6)
    
     == Failed tests ================================================================
     -- Error (test-SeriesAggreg.R:185:3): Check data.frame handling in SeriesAggreg.list --
     Error: there is no package called 'imputeTS'
     Backtrace:
     x
     1. \-base::loadNamespace(x) test-SeriesAggreg.R:185:2
     2. \-base::withRestarts(stop(cond), retry_loadNamespace = function() NULL)
     3. \-base:::withOneRestart(expr, restarts[[1L]])
     4. \-base:::doWithOneRestart(return(expr), restart)
    
     [ FAIL 1 | WARN 0 | SKIP 6 | PASS 57 ]
     Error: Test failures
     Execution halted
Flavor: r-devel-windows-x86_64-gcc10-UCRT