CRAN Package Check Results for Package agroclim

Last updated on 2021-07-28 07:49:09 CEST.

Flavor Version Tinstall Tcheck Ttotal Status Flags
r-devel-linux-x86_64-debian-clang 0.1.0 OK
r-devel-linux-x86_64-debian-gcc 0.1.0 11.25 98.11 109.36 OK
r-devel-linux-x86_64-fedora-clang 0.1.0 181.99 NOTE
r-devel-linux-x86_64-fedora-gcc 0.1.0 167.52 NOTE
r-devel-windows-x86_64 0.1.0 22.00 176.00 198.00 OK
r-devel-windows-x86_64-gcc10-UCRT 0.1.0 NOTE
r-patched-linux-x86_64 0.1.0 13.71 122.43 136.14 OK
r-patched-solaris-x86 0.1.0 243.00 NOTE
r-release-linux-x86_64 0.1.0 12.14 122.43 134.57 OK
r-release-macos-arm64 0.1.0 NOTE
r-release-macos-x86_64 0.1.0 NOTE
r-release-windows-ix86+x86_64 0.1.0 33.00 128.00 161.00 OK
r-oldrel-macos-x86_64 0.1.0 NOTE
r-oldrel-windows-ix86+x86_64 0.1.0 34.00 178.00 212.00 OK

Check Details

Version: 0.1.0
Check: dependencies in R code
Result: NOTE
    Namespace in Imports field not imported from: ‘plyr’
     All declared Imports should be used.
Flavors: r-devel-linux-x86_64-fedora-clang, r-devel-linux-x86_64-fedora-gcc, r-devel-windows-x86_64-gcc10-UCRT, r-patched-solaris-x86, r-release-macos-arm64, r-release-macos-x86_64, r-oldrel-macos-x86_64