CRAN Package Check Results for Package afmToolkit

Last updated on 2021-08-04 07:49:22 CEST.

Flavor Version Tinstall Tcheck Ttotal Status Flags
r-devel-linux-x86_64-debian-clang 0.0.1 7.68 68.86 76.54 OK
r-devel-linux-x86_64-debian-gcc 0.0.1 5.59 55.56 61.15 OK
r-devel-linux-x86_64-fedora-clang 0.0.1 109.14 NOTE
r-devel-linux-x86_64-fedora-gcc 0.0.1 92.93 NOTE
r-devel-windows-x86_64 0.0.1 9.00 91.00 100.00 OK
r-devel-windows-x86_64-gcc10-UCRT 0.0.1 NOTE
r-patched-linux-x86_64 0.0.1 7.24 68.14 75.38 OK
r-patched-solaris-x86 0.0.1 130.80 NOTE
r-release-linux-x86_64 0.0.1 6.27 68.83 75.10 OK
r-release-macos-arm64 0.0.1 NOTE
r-release-macos-x86_64 0.0.1 NOTE
r-release-windows-ix86+x86_64 0.0.1 16.00 63.00 79.00 OK
r-oldrel-macos-x86_64 0.0.1 NOTE
r-oldrel-windows-ix86+x86_64 0.0.1 13.00 89.00 102.00 OK

Check Details

Version: 0.0.1
Check: dependencies in R code
Result: NOTE
    Namespaces in Imports field not imported from:
     ‘DBI’ ‘assertthat’ ‘tibble’
     All declared Imports should be used.
Flavors: r-devel-linux-x86_64-fedora-clang, r-devel-linux-x86_64-fedora-gcc, r-devel-windows-x86_64-gcc10-UCRT, r-patched-solaris-x86, r-release-macos-arm64, r-release-macos-x86_64, r-oldrel-macos-x86_64