CRAN Package Check Results for Package afex

Last updated on 2021-12-02 08:51:02 CET.

Flavor Version Tinstall Tcheck Ttotal Status Flags
r-devel-linux-x86_64-debian-clang 1.0-1 16.14 352.33 368.47 OK
r-devel-linux-x86_64-debian-gcc 1.0-1 14.10 251.05 265.15 OK
r-devel-linux-x86_64-fedora-clang 1.0-1 443.55 OK
r-devel-linux-x86_64-fedora-gcc 1.0-1 430.90 OK
r-devel-windows-x86_64-new-UL 1.0-1 34.00 478.00 512.00 OK
r-devel-windows-x86_64-new-TK 1.0-1 OK
r-devel-windows-x86_64-old 1.0-1 27.00 321.00 348.00 OK
r-patched-linux-x86_64 1.0-1 21.54 337.02 358.56 OK
r-patched-solaris-x86 1.0-1 566.20 NOTE
r-release-linux-x86_64 1.0-1 16.82 338.54 355.36 OK
r-release-macos-arm64 1.0-1 OK
r-release-macos-x86_64 1.0-1 OK
r-release-windows-ix86+x86_64 1.0-1 36.00 447.00 483.00 OK
r-oldrel-macos-x86_64 1.0-1 OK
r-oldrel-windows-ix86+x86_64 1.0-1 39.00 458.00 497.00 OK

Check Details

Version: 1.0-1
Check: package dependencies
Result: NOTE
    Package suggested but not available for checking: ‘glmmTMB’
Flavor: r-patched-solaris-x86