CRAN Package Check Results for Package adegraphics

Last updated on 2021-07-30 07:50:00 CEST.

Flavor Version Tinstall Tcheck Ttotal Status Flags
r-devel-linux-x86_64-debian-clang 1.0-15 OK
r-devel-linux-x86_64-debian-gcc 1.0-15 26.94 240.15 267.09 OK
r-devel-linux-x86_64-fedora-clang 1.0-15 443.79 OK
r-devel-linux-x86_64-fedora-gcc 1.0-15 419.93 OK
r-devel-windows-x86_64 1.0-15 35.00 395.00 430.00 OK
r-devel-windows-x86_64-gcc10-UCRT 1.0-15 OK
r-patched-linux-x86_64 1.0-15 OK
r-patched-solaris-x86 1.0-15 497.40 OK
r-release-linux-x86_64 1.0-15 30.97 308.96 339.93 OK
r-release-macos-arm64 1.0-15 WARN
r-release-macos-x86_64 1.0-15 OK
r-release-windows-ix86+x86_64 1.0-15 56.00 385.00 441.00 OK
r-oldrel-macos-x86_64 1.0-15 OK
r-oldrel-windows-ix86+x86_64 1.0-15 37.00 396.00 433.00 OK

Check Details

Version: 1.0-15
Check: installed package size
Result: NOTE
     installed size is 5.5Mb
     sub-directories of 1Mb or more:
     R 2.1Mb
     doc 2.9Mb
Flavor: r-release-macos-arm64

Version: 1.0-15
Check: re-building of vignette outputs
Result: WARN
    Error(s) in re-building vignettes:
     ...
    --- re-building ‘adegraphics.Rmd’ using rmarkdown
    Warning in engine$weave(file, quiet = quiet, encoding = enc) :
     Pandoc (>= 1.12.3) not available. Falling back to R Markdown v1.
    Quitting from lines 222-223 (adegraphics.Rmd)
    Error: processing vignette 'adegraphics.Rmd' failed with diagnostics:
    polygon edge not found
    --- failed re-building ‘adegraphics.Rmd’
    
    SUMMARY: processing the following file failed:
     ‘adegraphics.Rmd’
    
    Error: Vignette re-building failed.
    Execution halted
Flavor: r-release-macos-arm64