CRAN Package Check Results for Package abjutils

Last updated on 2021-06-18 07:48:01 CEST.

Flavor Version Tinstall Tcheck Ttotal Status Flags
r-devel-linux-x86_64-debian-clang 0.3.1 2.73 27.93 30.66 NOTE
r-devel-linux-x86_64-debian-gcc 0.3.1 2.01 22.06 24.07 NOTE
r-devel-linux-x86_64-fedora-clang 0.3.1 46.98 NOTE
r-devel-linux-x86_64-fedora-gcc 0.3.1 36.71 NOTE
r-devel-windows-x86_64 0.3.1 5.00 45.00 50.00 NOTE
r-devel-windows-x86_64-gcc10-UCRT 0.3.1 NOTE
r-patched-linux-x86_64 0.3.1 3.09 26.91 30.00 NOTE
r-patched-solaris-x86 0.3.1 53.30 NOTE
r-release-linux-x86_64 0.3.1 2.40 27.17 29.57 NOTE
r-release-macos-arm64 0.3.1 NOTE
r-release-macos-x86_64 0.3.1 NOTE
r-release-windows-ix86+x86_64 0.3.1 6.00 45.00 51.00 NOTE
r-oldrel-macos-x86_64 0.3.1 OK
r-oldrel-windows-ix86+x86_64 0.3.1 6.00 44.00 50.00 OK

Check Details

Version: 0.3.1
Check: LazyData
Result: NOTE
     'LazyData' is specified without a 'data' directory
Flavors: r-devel-linux-x86_64-debian-clang, r-devel-linux-x86_64-debian-gcc, r-devel-linux-x86_64-fedora-clang, r-devel-linux-x86_64-fedora-gcc, r-devel-windows-x86_64, r-devel-windows-x86_64-gcc10-UCRT, r-patched-linux-x86_64, r-patched-solaris-x86, r-release-linux-x86_64, r-release-macos-arm64, r-release-macos-x86_64, r-release-windows-ix86+x86_64

Version: 0.3.1
Check: Rd cross-references
Result: NOTE
    Undeclared package ‘httr’ in Rd xrefs
Flavor: r-devel-linux-x86_64-fedora-clang