CRAN Package Check Results for Package abbyyR

Last updated on 2021-10-18 07:49:33 CEST.

Flavor Version Tinstall Tcheck Ttotal Status Flags
r-devel-linux-x86_64-debian-clang 0.5.5 6.09 51.43 57.52 NOTE
r-devel-linux-x86_64-debian-gcc 0.5.5 4.97 39.54 44.51 NOTE
r-devel-linux-x86_64-fedora-clang 0.5.5 80.14 NOTE
r-devel-linux-x86_64-fedora-gcc 0.5.5 67.78 NOTE
r-devel-windows-x86_64 0.5.5 11.00 80.00 91.00 NOTE
r-devel-windows-x86_64-gcc10-UCRT 0.5.5 ERROR
r-patched-linux-x86_64 0.5.5 6.66 50.00 56.66 NOTE
r-patched-solaris-x86 0.5.5 104.10 NOTE
r-release-linux-x86_64 0.5.5 5.08 49.66 54.74 NOTE
r-release-macos-arm64 0.5.5 NOTE
r-release-macos-x86_64 0.5.5 NOTE
r-release-windows-ix86+x86_64 0.5.5 25.00 82.00 107.00 NOTE
r-oldrel-macos-x86_64 0.5.5 OK
r-oldrel-windows-ix86+x86_64 0.5.5 14.00 84.00 98.00 OK

Check Details

Version: 0.5.5
Check: LazyData
Result: NOTE
     'LazyData' is specified without a 'data' directory
Flavors: r-devel-linux-x86_64-debian-clang, r-devel-linux-x86_64-debian-gcc, r-devel-linux-x86_64-fedora-clang, r-devel-linux-x86_64-fedora-gcc, r-devel-windows-x86_64, r-devel-windows-x86_64-gcc10-UCRT, r-patched-linux-x86_64, r-patched-solaris-x86, r-release-linux-x86_64, r-release-macos-arm64, r-release-macos-x86_64, r-release-windows-ix86+x86_64

Version: 0.5.5
Check: PDF version of manual
Result: WARN
    LaTeX errors when creating PDF version.
    This typically indicates Rd problems.
    LaTeX errors found:
    ! LaTeX Error: File `uniquecounter.sty' not found.
    
    Type X to quit or <RETURN> to proceed,
    or enter new name. (Default extension: sty)
    
    ! Emergency stop.
    <read *>
    
    l.271 \RequirePackage{uniquecounter}[2009/12/18]
    
    ! ==> Fatal error occurred, no output PDF file produced!
Flavor: r-devel-windows-x86_64-gcc10-UCRT

Version: 0.5.5
Check: PDF version of manual without hyperrefs or index
Result: ERROR
Flavor: r-devel-windows-x86_64-gcc10-UCRT