CRAN Package Check Results for Package aaSEA

Last updated on 2022-01-24 08:52:35 CET.

Flavor Version Tinstall Tcheck Ttotal Status Flags
r-devel-linux-x86_64-debian-clang 1.1.0 12.59 141.01 153.60 OK
r-devel-linux-x86_64-debian-gcc 1.1.0 10.17 104.99 115.16 OK
r-devel-linux-x86_64-fedora-clang 1.1.0 186.85 NOTE
r-devel-linux-x86_64-fedora-gcc 1.1.0 172.35 NOTE
r-devel-windows-x86_64-new-UL 1.1.0 34.00 165.00 199.00 OK
r-devel-windows-x86_64-new-TK 1.1.0 NOTE
r-patched-linux-x86_64 1.1.0 12.43 132.14 144.57 OK
r-release-linux-x86_64 1.1.0 9.20 132.13 141.33 OK
r-release-macos-arm64 1.1.0 NOTE
r-release-macos-x86_64 1.1.0 WARN
r-release-windows-ix86+x86_64 1.1.0 32.00 161.00 193.00 OK
r-oldrel-macos-x86_64 1.1.0 WARN
r-oldrel-windows-ix86+x86_64 1.1.0 32.00 165.00 197.00 OK

Check Details

Version: 1.1.0
Check: dependencies in R code
Result: NOTE
    Namespaces in Imports field not imported from:
     ‘DT’ ‘shinydashboard’
     All declared Imports should be used.
Flavors: r-devel-linux-x86_64-fedora-clang, r-devel-linux-x86_64-fedora-gcc, r-devel-windows-x86_64-new-TK, r-release-macos-arm64, r-release-macos-x86_64, r-oldrel-macos-x86_64

Version: 1.1.0
Check: re-building of vignette outputs
Result: WARN
    Error(s) in re-building vignettes:
     ...
    --- re-building ‘aaSEA_Documentation.Rmd’ using rmarkdown
    Warning in engine$weave(file, quiet = quiet, encoding = enc) :
     Pandoc (>= 1.12.3) not available. Falling back to R Markdown v1.
    Warning in RColorBrewer::brewer.pal(N, "Set2") :
     n too large, allowed maximum for palette Set2 is 8
    Returning the palette you asked for with that many colors
    
    Warning in RColorBrewer::brewer.pal(N, "Set2") :
     n too large, allowed maximum for palette Set2 is 8
    Returning the palette you asked for with that many colors
    
    Quitting from lines 90-91 (aaSEA_Documentation.Rmd)
    Error: processing vignette 'aaSEA_Documentation.Rmd' failed with diagnostics:
    invalid 'path' argument
    --- failed re-building ‘aaSEA_Documentation.Rmd’
    
    SUMMARY: processing the following file failed:
     ‘aaSEA_Documentation.Rmd’
    
    Error: Vignette re-building failed.
    Execution halted
Flavor: r-release-macos-x86_64

Version: 1.1.0
Check: re-building of vignette outputs
Result: WARN
    Error(s) in re-building vignettes:
    --- re-building ‘aaSEA_Documentation.Rmd’ using rmarkdown
    Warning in engine$weave(file, quiet = quiet, encoding = enc) :
     Pandoc (>= 1.12.3) and/or pandoc-citeproc not available. Falling back to R Markdown v1.
    Warning: `arrange_()` is deprecated as of dplyr 0.7.0.
    Please use `arrange()` instead.
    See vignette('programming') for more help
    This warning is displayed once every 8 hours.
    Call `lifecycle::last_warnings()` to see where this warning was generated.
    Warning in RColorBrewer::brewer.pal(N, "Set2") :
     n too large, allowed maximum for palette Set2 is 8
    Returning the palette you asked for with that many colors
    
    Warning in RColorBrewer::brewer.pal(N, "Set2") :
     n too large, allowed maximum for palette Set2 is 8
    Returning the palette you asked for with that many colors
    
    Warning in normalizePath(f2) :
     path[1]="webshot3bda29207e18.png": No such file or directory
    Warning in file(con, "rb") :
     cannot open file 'webshot3bda29207e18.png': No such file or directory
    Quitting from lines 90-91 (aaSEA_Documentation.Rmd)
    Error: processing vignette 'aaSEA_Documentation.Rmd' failed with diagnostics:
    cannot open the connection
    --- failed re-building ‘aaSEA_Documentation.Rmd’
    
    SUMMARY: processing the following file failed:
     ‘aaSEA_Documentation.Rmd’
    
    Error: Vignette re-building failed.
    Execution halted
Flavor: r-oldrel-macos-x86_64