CRAN Package Check Results for Package ZVCV

Last updated on 2021-08-05 07:49:59 CEST.

Flavor Version Tinstall Tcheck Ttotal Status Flags
r-devel-linux-x86_64-debian-clang 2.1.1 131.62 99.88 231.50 OK
r-devel-linux-x86_64-debian-gcc 2.1.1 89.24 73.86 163.10 OK
r-devel-linux-x86_64-fedora-clang 2.1.1 315.90 NOTE
r-devel-linux-x86_64-fedora-gcc 2.1.1 278.83 OK
r-devel-windows-x86_64 2.1.1 139.00 130.00 269.00 OK
r-devel-windows-x86_64-gcc10-UCRT 2.1.1 ERROR
r-patched-linux-x86_64 2.1.1 103.98 92.24 196.22 OK
r-patched-solaris-x86 2.1.1 304.40 OK
r-release-linux-x86_64 2.1.1 98.16 92.04 190.20 OK
r-release-macos-arm64 2.1.1 NOTE
r-release-macos-x86_64 2.1.1 NOTE
r-release-windows-ix86+x86_64 2.1.1 269.00 129.00 398.00 OK
r-oldrel-macos-x86_64 2.1.1 NOTE
r-oldrel-windows-ix86+x86_64 2.1.1 238.00 169.00 407.00 OK

Check Details

Version: 2.1.1
Check: installed package size
Result: NOTE
     installed size is 9.9Mb
     sub-directories of 1Mb or more:
     libs 9.6Mb
Flavors: r-devel-linux-x86_64-fedora-clang, r-release-macos-arm64, r-release-macos-x86_64, r-oldrel-macos-x86_64

Version: 2.1.1
Check: package dependencies
Result: ERROR
    Package required but not available: 'dplyr'
    
    Packages suggested but not available for checking: 'ggplot2', 'ggthemes'
    
    See section 'The DESCRIPTION file' in the 'Writing R Extensions'
    manual.
Flavor: r-devel-windows-x86_64-gcc10-UCRT