CRAN Package Check Results for Package Z10

Last updated on 2021-08-04 07:50:00 CEST.

Flavor Version Tinstall Tcheck Ttotal Status Flags
r-devel-linux-x86_64-debian-clang 0.1.0 2.77 25.01 27.78 NOTE
r-devel-linux-x86_64-debian-gcc 0.1.0 2.24 19.79 22.03 NOTE
r-devel-linux-x86_64-fedora-clang 0.1.0 42.15 NOTE
r-devel-linux-x86_64-fedora-gcc 0.1.0 31.64 NOTE
r-devel-windows-x86_64 0.1.0 4.00 40.00 44.00 NOTE
r-devel-windows-x86_64-gcc10-UCRT 0.1.0 NOTE
r-patched-linux-x86_64 0.1.0 2.91 24.08 26.99 NOTE
r-patched-solaris-x86 0.1.0 45.20 NOTE
r-release-linux-x86_64 0.1.0 2.71 24.25 26.96 NOTE
r-release-macos-arm64 0.1.0 NOTE
r-release-macos-x86_64 0.1.0 NOTE
r-release-windows-ix86+x86_64 0.1.0 7.00 40.00 47.00 NOTE
r-oldrel-macos-x86_64 0.1.0 OK
r-oldrel-windows-ix86+x86_64 0.1.0 4.00 45.00 49.00 OK

Check Details

Version: 0.1.0
Check: LazyData
Result: NOTE
     'LazyData' is specified without a 'data' directory
Flavors: r-devel-linux-x86_64-debian-clang, r-devel-linux-x86_64-debian-gcc, r-devel-linux-x86_64-fedora-clang, r-devel-linux-x86_64-fedora-gcc, r-devel-windows-x86_64, r-devel-windows-x86_64-gcc10-UCRT, r-patched-linux-x86_64, r-patched-solaris-x86, r-release-linux-x86_64, r-release-macos-arm64, r-release-macos-x86_64, r-release-windows-ix86+x86_64