Last updated on 2022-05-16 08:50:24 CEST.
Flavor | Version | Tinstall | Tcheck | Ttotal | Status | Flags |
---|---|---|---|---|---|---|
r-devel-linux-x86_64-debian-clang | 0.99.19.1 | 108.44 | 40.51 | 148.95 | OK | |
r-devel-linux-x86_64-debian-gcc | 0.99.19.1 | 83.37 | 30.66 | 114.03 | OK | |
r-devel-linux-x86_64-fedora-clang | 0.99.19.1 | 222.13 | OK | |||
r-devel-linux-x86_64-fedora-gcc | 0.99.19.1 | 187.35 | OK | |||
r-devel-windows-x86_64 | 0.99.19.1 | 87.00 | 81.00 | 168.00 | OK | |
r-patched-linux-x86_64 | 0.99.19.1 | 84.21 | 38.73 | 122.94 | OK | |
r-release-linux-x86_64 | 0.99.19.1 | 94.02 | 38.47 | 132.49 | OK | |
r-release-macos-arm64 | 0.99.19.1 | 48.00 | OK | |||
r-release-macos-x86_64 | 0.99.19.1 | 62.00 | OK | |||
r-release-windows-x86_64 | 0.99.19.1 | 87.00 | 85.00 | 172.00 | OK | |
r-oldrel-macos-arm64 | 0.99.19.1 | 55.00 | OK | |||
r-oldrel-macos-x86_64 | 0.99.19.1 | 61.00 | OK | |||
r-oldrel-windows-ix86+x86_64 | 0.99.19.1 | 260.00 | 89.00 | 349.00 | NOTE |
Version: 0.99.19.1
Check: installed package size
Result: NOTE
installed size is 6.2Mb
sub-directories of 1Mb or more:
libs 6.1Mb
Flavor: r-oldrel-windows-ix86+x86_64