CRAN Package Check Results for Package WoodSimulatR

Last updated on 2021-06-14 07:48:55 CEST.

Flavor Version Tinstall Tcheck Ttotal Status Flags
r-devel-linux-x86_64-debian-clang 0.5.0 4.56 64.61 69.17 OK
r-devel-linux-x86_64-debian-gcc 0.5.0 3.57 47.30 50.87 OK
r-devel-linux-x86_64-fedora-clang 0.5.0 92.96 NOTE
r-devel-linux-x86_64-fedora-gcc 0.5.0 79.21 NOTE
r-devel-windows-x86_64 0.5.0 11.00 86.00 97.00 OK
r-devel-windows-x86_64-gcc10-UCRT 0.5.0 NOTE
r-patched-linux-x86_64 0.5.0 11.12 59.47 70.59 OK
r-patched-solaris-x86 0.5.0 111.60 NOTE
r-release-linux-x86_64 0.5.0 4.53 59.70 64.23 OK
r-release-macos-arm64 0.5.0 NOTE
r-release-macos-x86_64 0.5.0 NOTE
r-release-windows-ix86+x86_64 0.5.0 12.00 94.00 106.00 OK
r-oldrel-macos-x86_64 0.5.0 NOTE
r-oldrel-windows-ix86+x86_64 0.5.0 14.00 82.00 96.00 OK

Check Details

Version: 0.5.0
Check: dependencies in R code
Result: NOTE
    Namespace in Imports field not imported from: ‘scales’
     All declared Imports should be used.
Flavors: r-devel-linux-x86_64-fedora-clang, r-devel-linux-x86_64-fedora-gcc, r-devel-windows-x86_64-gcc10-UCRT, r-patched-solaris-x86, r-release-macos-arm64, r-release-macos-x86_64, r-oldrel-macos-x86_64