CRAN Package Check Results for Package VoxR

Last updated on 2021-05-11 07:48:10 CEST.

Flavor Version Tinstall Tcheck Ttotal Status Flags
r-devel-linux-x86_64-debian-clang 1.0.0 3.90 77.84 81.74 NOTE
r-devel-linux-x86_64-debian-gcc 1.0.0 3.40 53.72 57.12 NOTE
r-devel-linux-x86_64-fedora-clang 1.0.0 94.28 NOTE
r-devel-linux-x86_64-fedora-gcc 1.0.0 83.24 NOTE
r-devel-windows-ix86+x86_64 1.0.0 11.00 79.00 90.00 NOTE
r-devel-windows-x86_64-gcc10-UCRT 1.0.0 NOTE
r-patched-linux-x86_64 1.0.0 4.16 66.11 70.27 NOTE
r-patched-solaris-x86 1.0.0 114.90 NOTE
r-release-linux-x86_64 1.0.0 4.66 67.15 71.81 OK
r-release-macos-x86_64 1.0.0 OK
r-release-windows-ix86+x86_64 1.0.0 8.00 60.00 68.00 OK
r-oldrel-macos-x86_64 1.0.0 OK
r-oldrel-windows-ix86+x86_64 1.0.0 8.00 76.00 84.00 OK

Check Details

Version: 1.0.0
Check: LazyData
Result: NOTE
     'LazyData' is specified without a 'data' directory
Flavors: r-devel-linux-x86_64-debian-clang, r-devel-linux-x86_64-debian-gcc, r-devel-linux-x86_64-fedora-clang, r-devel-linux-x86_64-fedora-gcc, r-devel-windows-ix86+x86_64, r-devel-windows-x86_64-gcc10-UCRT, r-patched-linux-x86_64, r-patched-solaris-x86