CRAN Package Check Results for Package VancouvR

Last updated on 2021-05-10 07:48:31 CEST.

Flavor Version Tinstall Tcheck Ttotal Status Flags
r-devel-linux-x86_64-debian-clang 0.1.2 6.76 216.76 223.52 NOTE
r-devel-linux-x86_64-debian-gcc 0.1.2 5.67 90.05 95.72 WARN
r-devel-linux-x86_64-fedora-clang 0.1.2 264.39 NOTE
r-devel-linux-x86_64-fedora-gcc 0.1.2 WARN
r-devel-windows-ix86+x86_64 0.1.2 18.00 367.00 385.00 NOTE
r-devel-windows-x86_64-gcc10-UCRT 0.1.2 WARN
r-patched-linux-x86_64 0.1.2 6.69 199.07 205.76 NOTE
r-patched-solaris-x86 0.1.2 386.10 NOTE
r-release-linux-x86_64 0.1.2 6.71 108.59 115.30 WARN
r-release-macos-x86_64 0.1.2 OK
r-release-windows-ix86+x86_64 0.1.2 14.00 300.00 314.00 OK
r-oldrel-macos-x86_64 0.1.2 OK
r-oldrel-windows-ix86+x86_64 0.1.2 14.00 384.00 398.00 OK

Check Details

Version: 0.1.2
Check: LazyData
Result: NOTE
     'LazyData' is specified without a 'data' directory
Flavors: r-devel-linux-x86_64-debian-clang, r-devel-linux-x86_64-debian-gcc, r-devel-linux-x86_64-fedora-clang, r-devel-linux-x86_64-fedora-gcc, r-devel-windows-ix86+x86_64, r-devel-windows-x86_64-gcc10-UCRT, r-patched-linux-x86_64, r-patched-solaris-x86

Version: 0.1.2
Check: re-building of vignette outputs
Result: WARN
    Error(s) in re-building vignettes:
     ...
    --- re-building ‘Demo.Rmd’ using rmarkdown
    Quitting from lines 41-55 (Demo.Rmd)
    Error: processing vignette 'Demo.Rmd' failed with diagnostics:
    Stopping, returned status code 400
    --- failed re-building ‘Demo.Rmd’
    
    --- re-building ‘Isolines.Rmd’ using rmarkdown
    --- finished re-building ‘Isolines.Rmd’
    
    SUMMARY: processing the following file failed:
     ‘Demo.Rmd’
    
    Error: Vignette re-building failed.
    Execution halted
Flavors: r-devel-linux-x86_64-debian-gcc, r-devel-windows-x86_64-gcc10-UCRT, r-release-linux-x86_64

Version: 0.1.2
Check: re-building of vignette outputs
Result: WARN
    Error(s) in re-building vignettes:
    --- re-building ‘Demo.Rmd’ using rmarkdown
    Quitting from lines 41-55 (Demo.Rmd)
    Error: processing vignette 'Demo.Rmd' failed with diagnostics:
    Stopping, returned status code 400
    --- failed re-building ‘Demo.Rmd’
    
    --- re-building ‘Isolines.Rmd’ using rmarkdown
    --- finished re-building ‘Isolines.Rmd’
    
    SUMMARY: processing the following file failed:
     ‘Demo.Rmd’
    
    Error: Vignette re-building failed.
    Execution halted
Flavor: r-devel-linux-x86_64-fedora-gcc