CRAN Package Check Results for Package VIM

Last updated on 2021-06-24 07:50:32 CEST.

Flavor Version Tinstall Tcheck Ttotal Status Flags
r-devel-linux-x86_64-debian-clang 6.1.0 43.36 212.35 255.71 OK
r-devel-linux-x86_64-debian-gcc 6.1.0 28.25 156.04 184.29 OK
r-devel-linux-x86_64-fedora-clang 6.1.0 312.70 NOTE
r-devel-linux-x86_64-fedora-gcc 6.1.0 297.15 NOTE
r-devel-windows-x86_64 6.1.0 53.00 238.00 291.00 OK
r-devel-windows-x86_64-gcc10-UCRT 6.1.0 ERROR
r-patched-linux-x86_64 6.1.0 44.93 198.79 243.72 OK
r-patched-solaris-x86 6.1.0 403.20 WARN
r-release-linux-x86_64 6.1.0 33.99 198.66 232.65 OK
r-release-macos-arm64 6.1.0 WARN
r-release-macos-x86_64 6.1.0 WARN
r-release-windows-ix86+x86_64 6.1.0 60.00 262.00 322.00 NOTE
r-oldrel-macos-x86_64 6.1.0 WARN

Check Details

Version: 6.1.0
Check: dependencies in R code
Result: NOTE
    Namespace in Imports field not imported from: ‘magrittr’
     All declared Imports should be used.
Flavors: r-devel-linux-x86_64-fedora-clang, r-devel-linux-x86_64-fedora-gcc, r-patched-solaris-x86, r-release-macos-arm64, r-release-macos-x86_64, r-oldrel-macos-x86_64

Version: 6.1.0
Check: Rd cross-references
Result: NOTE
    Undeclared packages ‘mvoutlier’, ‘mi’ in Rd xrefs
Flavor: r-devel-linux-x86_64-fedora-clang

Version: 6.1.0
Check: data for non-ASCII characters
Result: NOTE
     Note: found 2754 marked UTF-8 strings
Flavors: r-devel-linux-x86_64-fedora-clang, r-devel-linux-x86_64-fedora-gcc, r-patched-solaris-x86, r-release-macos-arm64, r-release-macos-x86_64, r-oldrel-macos-x86_64

Version: 6.1.0
Check: package dependencies
Result: ERROR
    Package required but not available: 'car'
    
    See section 'The DESCRIPTION file' in the 'Writing R Extensions'
    manual.
Flavor: r-devel-windows-x86_64-gcc10-UCRT

Version: 6.1.0
Check: re-building of vignette outputs
Result: WARN
    Error(s) in re-building vignettes:
     ...
    --- re-building ‘VIM.Rmd’ using rmarkdown
    Warning in engine$weave(file, quiet = quiet, encoding = enc) :
     Pandoc (>= 1.12.3) not available. Falling back to R Markdown v1.
    Loading required package: colorspace
    Loading required package: grid
    VIM is ready to use.
    
    Suggestions and bug-reports can be submitted at: https://github.com/statistikat/VIM/issues
    
    Attaching package: 'VIM'
    
    The following object is masked from 'package:datasets':
    
     sleep
    
    --- finished re-building ‘VIM.Rmd’
    
    --- re-building ‘VisualImp.Rmd’ using rmarkdown
    Warning in engine$weave(file, quiet = quiet, encoding = enc) :
     Pandoc (>= 1.12.3) not available. Falling back to R Markdown v1.
    Loading required package: colorspace
    Loading required package: grid
    VIM is ready to use.
    
    Suggestions and bug-reports can be submitted at: https://github.com/statistikat/VIM/issues
    
    Attaching package: 'VIM'
    
    The following object is masked from 'package:datasets':
    
     sleep
    
    --- finished re-building ‘VisualImp.Rmd’
    
    --- re-building ‘donorImp.Rmd’ using rmarkdown
    Warning in engine$weave(file, quiet = quiet, encoding = enc) :
     Pandoc (>= 1.12.3) not available. Falling back to R Markdown v1.
    Loading required package: colorspace
    Loading required package: grid
    VIM is ready to use.
    
    Suggestions and bug-reports can be submitted at: https://github.com/statistikat/VIM/issues
    
    Attaching package: 'VIM'
    
    The following object is masked from 'package:datasets':
    
     sleep
    
    Warning in cbind(TRUE1 = as.numeric(iris[as.matrix(y[which(y$col == 1), :
     number of rows of result is not a multiple of vector length (arg 1)
    Quitting from lines 111-148 (donorImp.Rmd)
    Error: processing vignette 'donorImp.Rmd' failed with diagnostics:
    there is no package called 'webshot'
    --- failed re-building ‘donorImp.Rmd’
    
    --- re-building ‘irmi.Rmd’ using rmarkdown
    Warning in engine$weave(file, quiet = quiet, encoding = enc) :
     Pandoc (>= 1.12.3) not available. Falling back to R Markdown v1.
    Loading required package: colorspace
    Loading required package: grid
    VIM is ready to use.
    
    Suggestions and bug-reports can be submitted at: https://github.com/statistikat/VIM/issues
    
    Attaching package: 'VIM'
    
    The following object is masked from 'package:datasets':
    
     sleep
    
    Warning in cbind(TRUE1 = as.numeric(iris[as.matrix(y[which(y$col == 1), :
     number of rows of result is not a multiple of vector length (arg 1)
    Quitting from lines 108-145 (irmi.Rmd)
    Error: processing vignette 'irmi.Rmd' failed with diagnostics:
    there is no package called 'webshot'
    --- failed re-building ‘irmi.Rmd’
    
    --- re-building ‘modelImp.Rmd’ using rmarkdown
    Warning in engine$weave(file, quiet = quiet, encoding = enc) :
     Pandoc (>= 1.12.3) not available. Falling back to R Markdown v1.
    Loading required package: colorspace
    Loading required package: grid
    VIM is ready to use.
    
    Suggestions and bug-reports can be submitted at: https://github.com/statistikat/VIM/issues
    
    Attaching package: 'VIM'
    
    The following object is masked from 'package:datasets':
    
     sleep
    
    Warning in cbind(TRUE1 = as.numeric(iris[as.matrix(y[which(y$col == 1), :
     number of rows of result is not a multiple of vector length (arg 1)
    Quitting from lines 128-158 (modelImp.Rmd)
    Error: processing vignette 'modelImp.Rmd' failed with diagnostics:
    there is no package called 'webshot'
    --- failed re-building ‘modelImp.Rmd’
    
    SUMMARY: processing the following files failed:
     ‘donorImp.Rmd’ ‘irmi.Rmd’ ‘modelImp.Rmd’
    
    Error: Vignette re-building failed.
    Execution halted
Flavor: r-patched-solaris-x86

Version: 6.1.0
Check: re-building of vignette outputs
Result: WARN
    Error(s) in re-building vignettes:
    --- re-building ‘VIM.Rmd’ using rmarkdown
    Warning in engine$weave(file, quiet = quiet, encoding = enc) :
     Pandoc (>= 1.12.3) not available. Falling back to R Markdown v1.
    Loading required package: colorspace
    Loading required package: grid
    VIM is ready to use.
    
    Suggestions and bug-reports can be submitted at: https://github.com/statistikat/VIM/issues
    
    Attaching package: 'VIM'
    
    The following object is masked from 'package:datasets':
    
     sleep
    
    --- finished re-building ‘VIM.Rmd’
    
    --- re-building ‘VisualImp.Rmd’ using rmarkdown
    Warning in engine$weave(file, quiet = quiet, encoding = enc) :
     Pandoc (>= 1.12.3) not available. Falling back to R Markdown v1.
    Loading required package: colorspace
    Loading required package: grid
    VIM is ready to use.
    
    Suggestions and bug-reports can be submitted at: https://github.com/statistikat/VIM/issues
    
    Attaching package: 'VIM'
    
    The following object is masked from 'package:datasets':
    
     sleep
    
    --- finished re-building ‘VisualImp.Rmd’
    
    --- re-building ‘donorImp.Rmd’ using rmarkdown
    Warning in engine$weave(file, quiet = quiet, encoding = enc) :
     Pandoc (>= 1.12.3) not available. Falling back to R Markdown v1.
    Loading required package: colorspace
    Loading required package: grid
    VIM is ready to use.
    
    Suggestions and bug-reports can be submitted at: https://github.com/statistikat/VIM/issues
    
    Attaching package: 'VIM'
    
    The following object is masked from 'package:datasets':
    
     sleep
    
    Warning in cbind(TRUE1 = as.numeric(iris[as.matrix(y[which(y$col == 1), :
     number of rows of result is not a multiple of vector length (arg 1)
    Quitting from lines 111-148 (donorImp.Rmd)
    Error: processing vignette 'donorImp.Rmd' failed with diagnostics:
    invalid 'path' argument
    --- failed re-building ‘donorImp.Rmd’
    
    --- re-building ‘irmi.Rmd’ using rmarkdown
    Warning in engine$weave(file, quiet = quiet, encoding = enc) :
     Pandoc (>= 1.12.3) not available. Falling back to R Markdown v1.
    Loading required package: colorspace
    Loading required package: grid
    VIM is ready to use.
    
    Suggestions and bug-reports can be submitted at: https://github.com/statistikat/VIM/issues
    
    Attaching package: 'VIM'
    
    The following object is masked from 'package:datasets':
    
     sleep
    
    Warning in cbind(TRUE1 = as.numeric(iris[as.matrix(y[which(y$col == 1), :
     number of rows of result is not a multiple of vector length (arg 1)
    Quitting from lines 108-145 (irmi.Rmd)
    Error: processing vignette 'irmi.Rmd' failed with diagnostics:
    invalid 'path' argument
    --- failed re-building ‘irmi.Rmd’
    
    --- re-building ‘modelImp.Rmd’ using rmarkdown
    Warning in engine$weave(file, quiet = quiet, encoding = enc) :
     Pandoc (>= 1.12.3) not available. Falling back to R Markdown v1.
    Loading required package: colorspace
    Loading required package: grid
    VIM is ready to use.
    
    Suggestions and bug-reports can be submitted at: https://github.com/statistikat/VIM/issues
    
    Attaching package: 'VIM'
    
    The following object is masked from 'package:datasets':
    
     sleep
    
    Warning in cbind(TRUE1 = as.numeric(iris[as.matrix(y[which(y$col == 1), :
     number of rows of result is not a multiple of vector length (arg 1)
    Quitting from lines 128-158 (modelImp.Rmd)
    Error: processing vignette 'modelImp.Rmd' failed with diagnostics:
    invalid 'path' argument
    --- failed re-building ‘modelImp.Rmd’
    
    SUMMARY: processing the following files failed:
     ‘donorImp.Rmd’ ‘irmi.Rmd’ ‘modelImp.Rmd’
    
    Error: Vignette re-building failed.
    Execution halted
Flavors: r-release-macos-arm64, r-release-macos-x86_64

Version: 6.1.0
Check: installed package size
Result: NOTE
     installed size is 5.6Mb
     sub-directories of 1Mb or more:
     doc 2.2Mb
     libs 2.1Mb
Flavor: r-release-windows-ix86+x86_64

Version: 6.1.0
Check: re-building of vignette outputs
Result: WARN
    Error(s) in re-building vignettes:
    --- re-building ‘VIM.Rmd’ using rmarkdown
    Warning in engine$weave(file, quiet = quiet, encoding = enc) :
     Pandoc (>= 1.12.3) and/or pandoc-citeproc not available. Falling back to R Markdown v1.
    Loading required package: colorspace
    Loading required package: grid
    VIM is ready to use.
    
    Suggestions and bug-reports can be submitted at: https://github.com/statistikat/VIM/issues
    
    Attaching package: 'VIM'
    
    The following object is masked from 'package:datasets':
    
     sleep
    
    --- finished re-building ‘VIM.Rmd’
    
    --- re-building ‘VisualImp.Rmd’ using rmarkdown
    Warning in engine$weave(file, quiet = quiet, encoding = enc) :
     Pandoc (>= 1.12.3) and/or pandoc-citeproc not available. Falling back to R Markdown v1.
    Loading required package: colorspace
    Loading required package: grid
    VIM is ready to use.
    
    Suggestions and bug-reports can be submitted at: https://github.com/statistikat/VIM/issues
    
    Attaching package: 'VIM'
    
    The following object is masked from 'package:datasets':
    
     sleep
    
    --- finished re-building ‘VisualImp.Rmd’
    
    --- re-building ‘donorImp.Rmd’ using rmarkdown
    Warning in engine$weave(file, quiet = quiet, encoding = enc) :
     Pandoc (>= 1.12.3) and/or pandoc-citeproc not available. Falling back to R Markdown v1.
    Loading required package: colorspace
    Loading required package: grid
    VIM is ready to use.
    
    Suggestions and bug-reports can be submitted at: https://github.com/statistikat/VIM/issues
    
    Attaching package: 'VIM'
    
    The following object is masked from 'package:datasets':
    
     sleep
    
    Warning in cbind(TRUE1 = as.numeric(iris[as.matrix(y[which(y$col == 1), :
     number of rows of result is not a multiple of vector length (arg 1)
    Warning in normalizePath(f2) :
     path[1]="webshot597c5de85f03.png": No such file or directory
    Warning in file(con, "rb") :
     cannot open file 'webshot597c5de85f03.png': No such file or directory
    Quitting from lines 111-148 (donorImp.Rmd)
    Error: processing vignette 'donorImp.Rmd' failed with diagnostics:
    cannot open the connection
    --- failed re-building ‘donorImp.Rmd’
    
    --- re-building ‘irmi.Rmd’ using rmarkdown
    Warning in engine$weave(file, quiet = quiet, encoding = enc) :
     Pandoc (>= 1.12.3) and/or pandoc-citeproc not available. Falling back to R Markdown v1.
    Loading required package: colorspace
    Loading required package: grid
    VIM is ready to use.
    
    Suggestions and bug-reports can be submitted at: https://github.com/statistikat/VIM/issues
    
    Attaching package: 'VIM'
    
    The following object is masked from 'package:datasets':
    
     sleep
    
    Warning in cbind(TRUE1 = as.numeric(iris[as.matrix(y[which(y$col == 1), :
     number of rows of result is not a multiple of vector length (arg 1)
    Warning in normalizePath(f2) :
     path[1]="webshot59b93bd29004.png": No such file or directory
    Warning in file(con, "rb") :
     cannot open file 'webshot59b93bd29004.png': No such file or directory
    Quitting from lines 108-145 (irmi.Rmd)
    Error: processing vignette 'irmi.Rmd' failed with diagnostics:
    cannot open the connection
    --- failed re-building ‘irmi.Rmd’
    
    --- re-building ‘modelImp.Rmd’ using rmarkdown
    Warning in engine$weave(file, quiet = quiet, encoding = enc) :
     Pandoc (>= 1.12.3) and/or pandoc-citeproc not available. Falling back to R Markdown v1.
    Loading required package: colorspace
    Loading required package: grid
    VIM is ready to use.
    
    Suggestions and bug-reports can be submitted at: https://github.com/statistikat/VIM/issues
    
    Attaching package: 'VIM'
    
    The following object is masked from 'package:datasets':
    
     sleep
    
    Warning in cbind(TRUE1 = as.numeric(iris[as.matrix(y[which(y$col == 1), :
     number of rows of result is not a multiple of vector length (arg 1)
    Warning in normalizePath(f2) :
     path[1]="webshot59ca3516d571.png": No such file or directory
    Warning in file(con, "rb") :
     cannot open file 'webshot59ca3516d571.png': No such file or directory
    Quitting from lines 128-158 (modelImp.Rmd)
    Error: processing vignette 'modelImp.Rmd' failed with diagnostics:
    cannot open the connection
    --- failed re-building ‘modelImp.Rmd’
    
    SUMMARY: processing the following files failed:
     ‘donorImp.Rmd’ ‘irmi.Rmd’ ‘modelImp.Rmd’
    
    Error: Vignette re-building failed.
    Execution halted
Flavor: r-oldrel-macos-x86_64