CRAN Package Check Results for Package V8

Last updated on 2021-09-21 07:50:43 CEST.

Flavor Version Tinstall Tcheck Ttotal Status Flags
r-devel-linux-x86_64-debian-clang 3.4.2 26.70 38.45 65.15 OK
r-devel-linux-x86_64-debian-gcc 3.4.2 14.72 29.89 44.61 OK
r-devel-linux-x86_64-fedora-gcc 3.4.2 79.59 OK
r-devel-windows-x86_64 3.4.2 59.00 113.00 172.00 NOTE
r-devel-windows-x86_64-gcc10-UCRT 3.4.2 ERROR
r-patched-linux-x86_64 3.4.2 24.08 37.90 61.98 OK
r-patched-solaris-x86 3.4.2 98.70 OK
r-release-linux-x86_64 3.4.2 20.13 38.47 58.60 OK
r-release-macos-arm64 3.4.2 NOTE
r-release-macos-x86_64 3.4.2 NOTE
r-release-windows-ix86+x86_64 3.4.2 113.00 212.00 325.00 NOTE
r-oldrel-macos-x86_64 3.4.2 NOTE
r-oldrel-windows-ix86+x86_64 3.4.2 111.00 197.00 308.00 NOTE

Check Details

Version: 3.4.2
Check: installed package size
Result: NOTE
     installed size is 13.1Mb
     sub-directories of 1Mb or more:
     doc 2.1Mb
     libs 10.9Mb
Flavors: r-devel-windows-x86_64, r-release-macos-arm64, r-release-macos-x86_64, r-release-windows-ix86+x86_64, r-oldrel-macos-x86_64, r-oldrel-windows-ix86+x86_64

Version: 3.4.2
Check: whether package can be installed
Result: ERROR
    Installation failed.
Flavor: r-devel-windows-x86_64-gcc10-UCRT