CRAN Package Check Results for Package TwitterAutomatedTrading

Last updated on 2021-07-25 07:50:21 CEST.

Flavor Version Tinstall Tcheck Ttotal Status Flags
r-devel-linux-x86_64-debian-clang 0.1.0 11.51 101.73 113.24 OK
r-devel-linux-x86_64-debian-gcc 0.1.0 9.50 75.73 85.23 OK
r-devel-linux-x86_64-fedora-clang 0.1.0 145.39 NOTE
r-devel-linux-x86_64-fedora-gcc 0.1.0 129.55 NOTE
r-devel-windows-x86_64 0.1.0 12.00 93.00 105.00 OK
r-devel-windows-x86_64-gcc10-UCRT 0.1.0 NOTE
r-patched-linux-x86_64 0.1.0 10.49 94.48 104.97 OK
r-patched-solaris-x86 0.1.0 194.70 NOTE
r-release-linux-x86_64 0.1.0 10.70 93.72 104.42 OK
r-release-macos-arm64 0.1.0 NOTE
r-release-macos-x86_64 0.1.0 NOTE
r-release-windows-ix86+x86_64 0.1.0 25.00 90.00 115.00 OK
r-oldrel-macos-x86_64 0.1.0 NOTE
r-oldrel-windows-ix86+x86_64 0.1.0 27.00 112.00 139.00 OK

Check Details

Version: 0.1.0
Check: data for non-ASCII characters
Result: NOTE
     Note: found 34 marked Latin-1 strings
Flavors: r-devel-linux-x86_64-fedora-clang, r-devel-linux-x86_64-fedora-gcc, r-devel-windows-x86_64-gcc10-UCRT, r-patched-solaris-x86, r-release-macos-arm64, r-release-macos-x86_64, r-oldrel-macos-x86_64