CRAN Package Check Results for Package Tushare

Last updated on 2021-07-28 07:49:46 CEST.

Flavor Version Tinstall Tcheck Ttotal Status Flags
r-devel-linux-x86_64-debian-clang 0.1.3 NOTE
r-devel-linux-x86_64-debian-gcc 0.1.3 10.35 69.19 79.54 NOTE
r-devel-linux-x86_64-fedora-clang 0.1.3 132.50 NOTE
r-devel-linux-x86_64-fedora-gcc 0.1.3 119.43 NOTE
r-devel-windows-x86_64 0.1.3 19.00 110.00 129.00 NOTE
r-devel-windows-x86_64-gcc10-UCRT 0.1.3 NOTE
r-patched-linux-x86_64 0.1.3 9.56 85.54 95.10 NOTE
r-patched-solaris-x86 0.1.3 175.80 NOTE
r-release-linux-x86_64 0.1.3 10.84 85.98 96.82 NOTE
r-release-macos-arm64 0.1.3 NOTE
r-release-macos-x86_64 0.1.3 NOTE
r-release-windows-ix86+x86_64 0.1.3 28.00 82.00 110.00 NOTE
r-oldrel-macos-x86_64 0.1.3 OK
r-oldrel-windows-ix86+x86_64 0.1.3 34.00 121.00 155.00 OK

Check Details

Version: 0.1.3
Check: LazyData
Result: NOTE
     'LazyData' is specified without a 'data' directory
Flavors: r-devel-linux-x86_64-debian-clang, r-devel-linux-x86_64-debian-gcc, r-devel-linux-x86_64-fedora-clang, r-devel-linux-x86_64-fedora-gcc, r-devel-windows-x86_64, r-devel-windows-x86_64-gcc10-UCRT, r-patched-linux-x86_64, r-patched-solaris-x86, r-release-linux-x86_64, r-release-macos-arm64, r-release-macos-x86_64, r-release-windows-ix86+x86_64