CRAN Package Check Results for Package TunePareto

Last updated on 2021-05-11 07:48:09 CEST.

Flavor Version Tinstall Tcheck Ttotal Status Flags
r-devel-linux-x86_64-debian-clang 2.5 4.37 43.13 47.50 OK
r-devel-linux-x86_64-debian-gcc 2.5 4.07 32.71 36.78 OK
r-devel-linux-x86_64-fedora-clang 2.5 66.60 OK
r-devel-linux-x86_64-fedora-gcc 2.5 54.72 OK
r-devel-windows-ix86+x86_64 2.5 10.00 80.00 90.00 OK
r-devel-windows-x86_64-gcc10-UCRT 2.5 OK
r-patched-linux-x86_64 2.5 5.66 41.94 47.60 OK
r-patched-solaris-x86 2.5 76.80 OK
r-release-linux-x86_64 2.5 3.96 40.75 44.71 OK
r-release-macos-x86_64 2.5 OK
r-release-windows-ix86+x86_64 2.5 9.00 61.00 70.00 OK
r-oldrel-macos-x86_64 2.5 OK
r-oldrel-windows-ix86+x86_64 2.5 10.00 10.00 20.00 ERROR

Check Details

Version: 2.5
Check: whether package can be installed
Result: ERROR
    Installation failed.
    See *
Flavor: r-oldrel-windows-ix86+x86_64