CRAN Package Check Results for Package TruncatedNormal

Last updated on 2021-08-05 07:49:56 CEST.

Flavor Version Tinstall Tcheck Ttotal Status Flags
r-devel-linux-x86_64-debian-clang 2.2 50.38 192.40 242.78 OK
r-devel-linux-x86_64-debian-gcc 2.2 35.88 145.60 181.48 OK
r-devel-linux-x86_64-fedora-clang 2.2 314.20 NOTE
r-devel-linux-x86_64-fedora-gcc 2.2 295.69 OK
r-devel-windows-x86_64 2.2 63.00 285.00 348.00 OK
r-devel-windows-x86_64-gcc10-UCRT 2.2 ERROR
r-patched-linux-x86_64 2.2 40.17 187.74 227.91 OK
r-patched-solaris-x86 2.2 747.70 OK
r-release-linux-x86_64 2.2 41.29 185.38 226.67 OK
r-release-macos-arm64 2.2 OK
r-release-macos-x86_64 2.2 OK
r-release-windows-ix86+x86_64 2.2 116.00 290.00 406.00 OK
r-oldrel-macos-x86_64 2.2 OK
r-oldrel-windows-ix86+x86_64 2.2 90.00 306.00 396.00 OK

Check Details

Version: 2.2
Check: Rd cross-references
Result: NOTE
    Undeclared package ‘carData’ in Rd xrefs
Flavor: r-devel-linux-x86_64-fedora-clang

Version: 2.2
Check: package dependencies
Result: NOTE
    Package suggested but not available for checking: 'testthat'
Flavor: r-devel-windows-x86_64-gcc10-UCRT

Version: 2.2
Check: tests
Result: ERROR
     Running 'testthat.R'
    Running the tests in 'tests/testthat.R' failed.
    Complete output:
     > library(testthat)
     Error in library(testthat) : there is no package called 'testthat'
     Execution halted
Flavor: r-devel-windows-x86_64-gcc10-UCRT