CRAN Package Check Results for Package TropFishR

Last updated on 2021-09-22 07:51:44 CEST.

Flavor Version Tinstall Tcheck Ttotal Status Flags
r-devel-linux-x86_64-debian-clang 1.6.2 18.85 132.56 151.41 OK --no-vignettes
r-devel-linux-x86_64-debian-gcc 1.6.2 15.29 97.92 113.21 OK --no-vignettes
r-devel-linux-x86_64-fedora-clang 1.6.2 914.28 NOTE
r-devel-linux-x86_64-fedora-gcc 1.6.2 853.46 NOTE
r-devel-windows-x86_64 1.6.2 21.00 122.00 143.00 WARN --no-vignettes
r-devel-windows-x86_64-gcc10-UCRT 1.6.2 ERROR --no-vignettes
r-patched-linux-x86_64 1.6.2 23.32 127.41 150.73 OK --no-vignettes
r-patched-solaris-x86 1.6.2 1564.30 NOTE
r-release-linux-x86_64 1.6.2 18.18 127.00 145.18 OK --no-vignettes
r-release-macos-arm64 1.6.2 NOTE
r-release-macos-x86_64 1.6.2 NOTE
r-release-windows-ix86+x86_64 1.6.2 36.00 115.00 151.00 OK --no-vignettes
r-oldrel-macos-x86_64 1.6.2 NOTE
r-oldrel-windows-ix86+x86_64 1.6.2 26.00 125.00 151.00 OK --no-vignettes

Check Details

Version: 1.6.2
Check: dependencies in R code
Result: NOTE
    Namespace in Imports field not imported from: ‘Hmisc’
     All declared Imports should be used.
Flavors: r-devel-linux-x86_64-fedora-clang, r-devel-linux-x86_64-fedora-gcc, r-patched-solaris-x86, r-release-macos-arm64, r-release-macos-x86_64, r-oldrel-macos-x86_64

Version: 1.6.2
Flags: --no-vignettes
Check: whether package can be installed
Result: WARN
    Found the following significant warnings:
     Warning: 'memory.limit()' is no longer supported
Flavor: r-devel-windows-x86_64

Version: 1.6.2
Flags: --no-vignettes
Check: package dependencies
Result: ERROR
    Package required but not available: 'Hmisc'
    
    See section 'The DESCRIPTION file' in the 'Writing R Extensions'
    manual.
Flavor: r-devel-windows-x86_64-gcc10-UCRT