CRAN Package Check Results for Package TPD

Last updated on 2021-08-04 07:49:58 CEST.

Flavor Version Tinstall Tcheck Ttotal Status Flags
r-devel-linux-x86_64-debian-clang 1.1.0 10.09 155.47 165.56 NOTE
r-devel-linux-x86_64-debian-gcc 1.1.0 7.15 112.22 119.37 NOTE
r-devel-linux-x86_64-fedora-clang 1.1.0 199.42 NOTE
r-devel-linux-x86_64-fedora-gcc 1.1.0 185.87 NOTE
r-devel-windows-x86_64 1.1.0 13.00 185.00 198.00 NOTE
r-devel-windows-x86_64-gcc10-UCRT 1.1.0 NOTE
r-patched-linux-x86_64 1.1.0 11.44 143.10 154.54 NOTE
r-patched-solaris-x86 1.1.0 300.30 NOTE
r-release-linux-x86_64 1.1.0 9.56 144.66 154.22 NOTE
r-release-macos-arm64 1.1.0 WARN
r-release-macos-x86_64 1.1.0 NOTE
r-release-windows-ix86+x86_64 1.1.0 23.00 185.00 208.00 NOTE
r-oldrel-macos-x86_64 1.1.0 OK
r-oldrel-windows-ix86+x86_64 1.1.0 19.00 196.00 215.00 OK

Check Details

Version: 1.1.0
Check: LazyData
Result: NOTE
     'LazyData' is specified without a 'data' directory
Flavors: r-devel-linux-x86_64-debian-clang, r-devel-linux-x86_64-debian-gcc, r-devel-linux-x86_64-fedora-clang, r-devel-linux-x86_64-fedora-gcc, r-devel-windows-x86_64, r-devel-windows-x86_64-gcc10-UCRT, r-patched-linux-x86_64, r-patched-solaris-x86, r-release-linux-x86_64, r-release-macos-arm64, r-release-macos-x86_64, r-release-windows-ix86+x86_64

Version: 1.1.0
Check: re-building of vignette outputs
Result: WARN
    Error(s) in re-building vignettes:
    --- re-building ‘TPD.Rmd’ using rmarkdown
    Warning in engine$weave(file, quiet = quiet, encoding = enc) :
     Pandoc (>= 1.12.3) not available. Falling back to R Markdown v1.
    Warning in doTryCatch(return(expr), name, parentenv, handler) :
     no font could be found for family "Arial"
    Warning in doTryCatch(return(expr), name, parentenv, handler) :
     no font could be found for family "Arial"
    Warning in doTryCatch(return(expr), name, parentenv, handler) :
     no font could be found for family "Arial"
    Warning in doTryCatch(return(expr), name, parentenv, handler) :
     no font could be found for family "Arial"
    Warning in doTryCatch(return(expr), name, parentenv, handler) :
     no font could be found for family "Arial"
    Warning in doTryCatch(return(expr), name, parentenv, handler) :
     no font could be found for family "Arial"
    Warning in doTryCatch(return(expr), name, parentenv, handler) :
     no font could be found for family "Arial"
    Warning in doTryCatch(return(expr), name, parentenv, handler) :
     no font could be found for family "Arial"
    Warning in doTryCatch(return(expr), name, parentenv, handler) :
     no font could be found for family "Arial"
    Warning in doTryCatch(return(expr), name, parentenv, handler) :
     no font could be found for family "Arial"
    Warning in doTryCatch(return(expr), name, parentenv, handler) :
     no font could be found for family "Arial"
    Warning in doTryCatch(return(expr), name, parentenv, handler) :
     no font could be found for family "Arial"
    Warning in doTryCatch(return(expr), name, parentenv, handler) :
     no font could be found for family "Arial"
    Warning in doTryCatch(return(expr), name, parentenv, handler) :
     no font could be found for family "Arial"
    Warning in doTryCatch(return(expr), name, parentenv, handler) :
     no font could be found for family "Arial"
    Warning in doTryCatch(return(expr), name, parentenv, handler) :
     no font could be found for family "Arial"
    Warning in doTryCatch(return(expr), name, parentenv, handler) :
     no font could be found for family "Arial"
    Warning in doTryCatch(return(expr), name, parentenv, handler) :
     no font could be found for family "Arial"
    Warning in doTryCatch(return(expr), name, parentenv, handler) :
     no font could be found for family "Arial"
    Warning in doTryCatch(return(expr), name, parentenv, handler) :
     no font could be found for family "Arial"
    Warning in doTryCatch(return(expr), name, parentenv, handler) :
     no font could be found for family "Arial"
    Warning in doTryCatch(return(expr), name, parentenv, handler) :
     no font could be found for family "Arial"
    Warning in doTryCatch(return(expr), name, parentenv, handler) :
     no font could be found for family "Arial"
    Warning in doTryCatch(return(expr), name, parentenv, handler) :
     no font could be found for family "Arial"
    Warning in doTryCatch(return(expr), name, parentenv, handler) :
     no font could be found for family "Arial"
    Warning in doTryCatch(return(expr), name, parentenv, handler) :
     no font could be found for family "Arial"
    Warning in doTryCatch(return(expr), name, parentenv, handler) :
     no font could be found for family "Arial"
    Warning in doTryCatch(return(expr), name, parentenv, handler) :
     no font could be found for family "Arial"
    Warning in doTryCatch(return(expr), name, parentenv, handler) :
     no font could be found for family "Arial"
    Warning in doTryCatch(return(expr), name, parentenv, handler) :
     no font could be found for family "Arial"
    Warning in doTryCatch(return(expr), name, parentenv, handler) :
     no font could be found for family "Arial"
    Warning in doTryCatch(return(expr), name, parentenv, handler) :
     no font could be found for family "Arial"
    Warning in doTryCatch(return(expr), name, parentenv, handler) :
     no font could be found for family "Arial"
    Warning in doTryCatch(return(expr), name, parentenv, handler) :
     no font could be found for family "Arial"
    Warning in doTryCatch(return(expr), name, parentenv, handler) :
     no font could be found for family "Arial"
    Warning in doTryCatch(return(expr), name, parentenv, handler) :
     no font could be found for family "Arial"
    Warning in doTryCatch(return(expr), name, parentenv, handler) :
     no font could be found for family "Arial"
    Warning in doTryCatch(return(expr), name, parentenv, handler) :
     no font could be found for family "Arial"
    Warning in doTryCatch(return(expr), name, parentenv, handler) :
     no font could be found for family "Arial"
    Warning in doTryCatch(return(expr), name, parentenv, handler) :
     no font could be found for family "Arial"
    Warning in doTryCatch(return(expr), name, parentenv, handler) :
     no font could be found for family "Arial"
    Warning in doTryCatch(return(expr), name, parentenv, handler) :
     no font could be found for family "Arial"
    Warning in doTryCatch(return(expr), name, parentenv, handler) :
     no font could be found for family "Arial"
    Warning in doTryCatch(return(expr), name, parentenv, handler) :
     no font could be found for family "Arial"
    Warning in doTryCatch(return(expr), name, parentenv, handler) :
     no font could be found for family "Arial"
    Warning in doTryCatch(return(expr), name, parentenv, handler) :
     no font could be found for family "Arial"
    Warning in doTryCatch(return(expr), name, parentenv, handler) :
     no font could be found for family "Arial"
    Warning in doTryCatch(return(expr), name, parentenv, handler) :
     no font could be found for family "Arial"
    Warning in doTryCatch(return(expr), name, parentenv, handler) :
     no font could be found for family "Arial"
    Warning in doTryCatch(return(expr), name, parentenv, handler) :
     no font could be found for family "Arial"
    Warning in doTryCatch(return(expr), name, parentenv, handler) :
     no font could be found for family "Arial"
    Warning in doTryCatch(return(expr), name, parentenv, handler) :
     no font could be found for family "Arial"
    Warning in doTryCatch(return(expr), name, parentenv, handler) :
     no font could be found for family "Arial"
    Warning in doTryCatch(return(expr), name, parentenv, handler) :
     no font could be found for family "Arial"
    Warning in doTryCatch(return(expr), name, parentenv, handler) :
     no font could be found for family "Arial"
    Warning in doTryCatch(return(expr), name, parentenv, handler) :
     no font could be found for family "Arial"
    Warning in doTryCatch(return(expr), name, parentenv, handler) :
     no font could be found for family "Arial"
    Warning in doTryCatch(return(expr), name, parentenv, handler) :
     no font could be found for family "Arial"
    Warning in doTryCatch(return(expr), name, parentenv, handler) :
     no font could be found for family "Arial"
    Warning in doTryCatch(return(expr), name, parentenv, handler) :
     no font could be found for family "Arial"
    Warning in doTryCatch(return(expr), name, parentenv, handler) :
     no font could be found for family "Arial"
    Warning in doTryCatch(return(expr), name, parentenv, handler) :
     no font could be found for family "Arial"
    Warning in doTryCatch(return(expr), name, parentenv, handler) :
     no font could be found for family "Arial"
    Warning in doTryCatch(return(expr), name, parentenv, handler) :
     no font could be found for family "Arial"
    Warning in doTryCatch(return(expr), name, parentenv, handler) :
     no font could be found for family "Arial"
    Warning in doTryCatch(return(expr), name, parentenv, handler) :
     no font could be found for family "Arial"
    Warning in doTryCatch(return(expr), name, parentenv, handler) :
     no font could be found for family "Arial"
    Warning in doTryCatch(return(expr), name, parentenv, handler) :
     no font could be found for family "Arial"
    Warning in doTryCatch(return(expr), name, parentenv, handler) :
     no font could be found for family "Arial"
    Warning in doTryCatch(return(expr), name, parentenv, handler) :
     no font could be found for family "Arial"
    Warning in doTryCatch(return(expr), name, parentenv, handler) :
     no font could be found for family "Arial"
    Warning in doTryCatch(return(expr), name, parentenv, handler) :
     no font could be found for family "Arial"
    Warning in doTryCatch(return(expr), name, parentenv, handler) :
     no font could be found for family "Arial"
    Warning in doTryCatch(return(expr), name, parentenv, handler) :
     no font could be found for family "Arial"
    Warning in doTryCatch(return(expr), name, parentenv, handler) :
     no font could be found for family "Arial"
    Warning in doTryCatch(return(expr), name, parentenv, handler) :
     no font could be found for family "Arial"
    Warning in doTryCatch(return(expr), name, parentenv, handler) :
     no font could be found for family "Arial"
    Warning in doTryCatch(return(expr), name, parentenv, handler) :
     no font could be found for family "Arial"
    Warning in doTryCatch(return(expr), name, parentenv, handler) :
     no font could be found for family "Arial"
    Warning in doTryCatch(return(expr), name, parentenv, handler) :
     no font could be found for family "Arial"
    Warning in doTryCatch(return(expr), name, parentenv, handler) :
     no font could be found for family "Arial"
    Warning in doTryCatch(return(expr), name, parentenv, handler) :
     no font could be found for family "Arial"
    Warning in doTryCatch(return(expr), name, parentenv, handler) :
     no font could be found for family "Arial"
    Warning in doTryCatch(return(expr), name, parentenv, handler) :
     no font could be found for family "Arial"
    Warning in doTryCatch(return(expr), name, parentenv, handler) :
     no font could be found for family "Arial"
    Warning in doTryCatch(return(expr), name, parentenv, handler) :
     no font could be found for family "Arial"
    Warning in doTryCatch(return(expr), name, parentenv, handler) :
     no font could be found for family "Arial"
    Warning in doTryCatch(return(expr), name, parentenv, handler) :
     no font could be found for family "Arial"
    Warning in doTryCatch(return(expr), name, parentenv, handler) :
     no font could be found for family "Arial"
    Warning in doTryCatch(return(expr), name, parentenv, handler) :
     no font could be found for family "Arial"
    Warning in doTryCatch(return(expr), name, parentenv, handler) :
     no font could be found for family "Arial"
    Warning in doTryCatch(return(expr), name, parentenv, handler) :
     no font could be found for family "Arial"
    Warning in doTryCatch(return(expr), name, parentenv, handler) :
     no font could be found for family "Arial"
    Warning in doTryCatch(return(expr), name, parentenv, handler) :
     no font could be found for family "Arial"
    Quitting from lines 114-115 (TPD.Rmd)
    Error: processing vignette 'TPD.Rmd' failed with diagnostics:
    polygon edge not found
    --- failed re-building ‘TPD.Rmd’
    
    SUMMARY: processing the following file failed:
     ‘TPD.Rmd’
    
    Error: Vignette re-building failed.
    Execution halted
Flavor: r-release-macos-arm64