CRAN Package Check Results for Package TIMP

Last updated on 2021-07-27 07:50:46 CEST.

Flavor Version Tinstall Tcheck Ttotal Status Flags
r-devel-linux-x86_64-debian-clang 1.13.2 19.83 162.63 182.46 NOTE
r-devel-linux-x86_64-debian-gcc 1.13.2 14.83 117.24 132.07 NOTE
r-devel-linux-x86_64-fedora-clang 1.13.2 221.21 NOTE
r-devel-linux-x86_64-fedora-gcc 1.13.2 213.82 NOTE
r-devel-windows-x86_64 1.13.2 34.00 168.00 202.00 OK
r-devel-windows-x86_64-gcc10-UCRT 1.13.2 OK
r-patched-linux-x86_64 1.13.2 23.61 150.26 173.87 NOTE
r-patched-solaris-x86 1.13.2 269.20 NOTE
r-release-linux-x86_64 1.13.2 17.05 152.21 169.26 NOTE
r-release-macos-arm64 1.13.2 OK
r-release-macos-x86_64 1.13.2 OK
r-release-windows-ix86+x86_64 1.13.2 41.00 223.00 264.00 OK
r-oldrel-macos-x86_64 1.13.2 OK
r-oldrel-windows-ix86+x86_64 1.13.2 44.00 256.00 300.00 OK

Check Details

Version: 1.13.2
Check: for non-standard things in the check directory
Result: NOTE
    Found the following files/directories:
     '_paramEst.txt'
Flavors: r-devel-linux-x86_64-debian-clang, r-devel-linux-x86_64-debian-gcc, r-devel-linux-x86_64-fedora-clang, r-devel-linux-x86_64-fedora-gcc, r-patched-linux-x86_64, r-patched-solaris-x86, r-release-linux-x86_64