CRAN Package Check Results for Package TESS

Last updated on 2021-09-18 08:51:00 CEST.

Flavor Version Tinstall Tcheck Ttotal Status Flags
r-devel-linux-x86_64-debian-clang 2.1.0 28.83 135.67 164.50 NOTE
r-devel-linux-x86_64-debian-gcc 2.1.0 16.91 105.17 122.08 NOTE
r-devel-linux-x86_64-fedora-clang 2.1.0 208.25 NOTE
r-devel-linux-x86_64-fedora-gcc 2.1.0 190.66 NOTE
r-devel-windows-x86_64 2.1.0 24.00 164.00 188.00 OK
r-devel-windows-x86_64-gcc10-UCRT 2.1.0 OK
r-patched-linux-x86_64 2.1.0 28.95 132.55 161.50 NOTE
r-patched-solaris-x86 2.1.0 252.60 NOTE
r-release-linux-x86_64 2.1.0 19.80 136.25 156.05 NOTE
r-release-macos-arm64 2.1.0 OK
r-release-macos-x86_64 2.1.0 OK
r-release-windows-ix86+x86_64 2.1.0 55.00 215.00 270.00 OK
r-oldrel-macos-x86_64 2.1.0 OK
r-oldrel-windows-ix86+x86_64 2.1.0 54.00 221.00 275.00 OK

Check Details

Version: 2.1.0
Check: for non-standard things in the check directory
Result: NOTE
    Found the following files/directories:
     'ExtinctionRateChanges.txt' 'ExtinctionRates.txt'
     'MassExtinctionTimes.txt' 'SpeciationRateChanges.txt'
     'SpeciationRates.txt' 'SurvivalProbabilities.txt' 'analysis_conifer'
     'input_tree.tre' 'run_1' 'run_2' 'samples_numCategories.txt'
Flavors: r-devel-linux-x86_64-debian-clang, r-devel-linux-x86_64-debian-gcc, r-devel-linux-x86_64-fedora-clang, r-devel-linux-x86_64-fedora-gcc, r-patched-linux-x86_64, r-patched-solaris-x86, r-release-linux-x86_64

Version: 2.1.0
Check: compiled code
Result: NOTE
    File ‘TESS/libs/TESS.so’:
     Found no calls to: ‘R_registerRoutines’, ‘R_useDynamicSymbols’
    
    It is good practice to register native routines and to disable symbol
    search.
    
    See ‘Writing portable packages’ in the ‘Writing R Extensions’ manual.
Flavors: r-devel-linux-x86_64-fedora-clang, r-devel-linux-x86_64-fedora-gcc