CRAN Package Check Results for Package SurvGSD

Last updated on 2021-10-25 07:50:34 CEST.

Flavor Version Tinstall Tcheck Ttotal Status Flags
r-devel-linux-x86_64-debian-clang 1.0.0 11.84 89.94 101.78 NOTE
r-devel-linux-x86_64-debian-gcc 1.0.0 8.98 66.72 75.70 NOTE
r-devel-linux-x86_64-fedora-clang 1.0.0 133.70 NOTE
r-devel-linux-x86_64-fedora-gcc 1.0.0 118.58 NOTE
r-devel-windows-x86_64 1.0.0 18.00 109.00 127.00 NOTE
r-devel-windows-x86_64-gcc10-UCRT 1.0.0 NOTE
r-patched-linux-x86_64 1.0.0 11.09 84.81 95.90 NOTE
r-patched-solaris-x86 1.0.0 172.00 NOTE
r-release-linux-x86_64 1.0.0 11.24 85.03 96.27 NOTE
r-release-macos-arm64 1.0.0 NOTE
r-release-macos-x86_64 1.0.0 NOTE
r-release-windows-ix86+x86_64 1.0.0 20.00 109.00 129.00 NOTE
r-oldrel-macos-x86_64 1.0.0 OK
r-oldrel-windows-ix86+x86_64 1.0.0 26.00 110.00 136.00 OK

Check Details

Version: 1.0.0
Check: LazyData
Result: NOTE
     'LazyData' is specified without a 'data' directory
Flavors: r-devel-linux-x86_64-debian-clang, r-devel-linux-x86_64-debian-gcc, r-devel-linux-x86_64-fedora-clang, r-devel-linux-x86_64-fedora-gcc, r-devel-windows-x86_64, r-devel-windows-x86_64-gcc10-UCRT, r-patched-linux-x86_64, r-patched-solaris-x86, r-release-linux-x86_64, r-release-macos-arm64, r-release-macos-x86_64, r-release-windows-ix86+x86_64