CRAN Package Check Results for Package SunsVoc

Last updated on 2021-07-31 07:51:01 CEST.

Flavor Version Tinstall Tcheck Ttotal Status Flags
r-devel-linux-x86_64-debian-clang 0.1.2 21.21 70.60 91.81 OK
r-devel-linux-x86_64-debian-gcc 0.1.2 20.55 53.18 73.73 OK
r-devel-linux-x86_64-fedora-clang 0.1.2 132.12 NOTE
r-devel-linux-x86_64-fedora-gcc 0.1.2 113.94 NOTE
r-devel-windows-x86_64 0.1.2 25.00 95.00 120.00 OK
r-devel-windows-x86_64-gcc10-UCRT 0.1.2 NOTE
r-patched-linux-x86_64 0.1.2 OK
r-patched-solaris-x86 0.1.2 172.00 NOTE
r-release-linux-x86_64 0.1.2 22.02 66.85 88.87 OK
r-release-macos-arm64 0.1.2 WARN
r-release-macos-x86_64 0.1.2 NOTE
r-release-windows-ix86+x86_64 0.1.2 36.00 93.00 129.00 OK
r-oldrel-macos-x86_64 0.1.2 NOTE
r-oldrel-windows-ix86+x86_64 0.1.2 30.00 93.00 123.00 OK

Check Details

Version: 0.1.2
Check: dependencies in R code
Result: NOTE
    Namespace in Imports field not imported from: ‘data.table’
     All declared Imports should be used.
Flavors: r-devel-linux-x86_64-fedora-clang, r-devel-linux-x86_64-fedora-gcc, r-devel-windows-x86_64-gcc10-UCRT, r-patched-solaris-x86, r-release-macos-arm64, r-release-macos-x86_64, r-oldrel-macos-x86_64

Version: 0.1.2
Check: re-building of vignette outputs
Result: WARN
    Error(s) in re-building vignettes:
     ...
    --- re-building ‘pipeline.Rmd’ using rmarkdown
    Warning in engine$weave(file, quiet = quiet, encoding = enc) :
     Pandoc (>= 1.12.3) not available. Falling back to R Markdown v1.
    Quitting from lines 171-183 (pipeline.Rmd)
    Error: processing vignette 'pipeline.Rmd' failed with diagnostics:
    polygon edge not found
    --- failed re-building ‘pipeline.Rmd’
    
    SUMMARY: processing the following file failed:
     ‘pipeline.Rmd’
    
    Error: Vignette re-building failed.
    Execution halted
Flavor: r-release-macos-arm64