CRAN Package Check Results for Package StempCens

Last updated on 2021-07-28 07:49:43 CEST.

Flavor Version Tinstall Tcheck Ttotal Status Flags
r-devel-linux-x86_64-debian-clang 1.1.0 OK
r-devel-linux-x86_64-debian-gcc 1.1.0 38.65 78.69 117.34 OK
r-devel-linux-x86_64-fedora-clang 1.1.0 219.56 OK
r-devel-linux-x86_64-fedora-gcc 1.1.0 196.89 OK
r-devel-windows-x86_64 1.1.0 70.00 132.00 202.00 OK
r-devel-windows-x86_64-gcc10-UCRT 1.1.0 OK
r-patched-linux-x86_64 1.1.0 43.56 98.38 141.94 OK
r-patched-solaris-x86 1.1.0 239.40 OK
r-release-linux-x86_64 1.1.0 41.66 98.87 140.53 OK
r-release-macos-arm64 1.1.0 NOTE
r-release-macos-x86_64 1.1.0 OK
r-release-windows-ix86+x86_64 1.1.0 114.00 182.00 296.00 OK
r-oldrel-macos-x86_64 1.1.0 OK
r-oldrel-windows-ix86+x86_64 1.1.0 90.00 187.00 277.00 OK

Check Details

Version: 1.1.0
Check: installed package size
Result: NOTE
     installed size is 5.1Mb
     sub-directories of 1Mb or more:
     libs 4.9Mb
Flavor: r-release-macos-arm64