CRAN Package Check Results for Package Stem

Last updated on 2021-07-28 07:49:43 CEST.

Flavor Version Tinstall Tcheck Ttotal Status Flags
r-devel-linux-x86_64-debian-clang 1.0 NOTE
r-devel-linux-x86_64-debian-gcc 1.0 2.65 39.43 42.08 NOTE
r-devel-linux-x86_64-fedora-clang 1.0 79.50 NOTE
r-devel-linux-x86_64-fedora-gcc 1.0 67.80 NOTE
r-devel-windows-x86_64 1.0 5.00 58.00 63.00 NOTE
r-devel-windows-x86_64-gcc10-UCRT 1.0 NOTE
r-patched-linux-x86_64 1.0 3.60 49.73 53.33 NOTE
r-patched-solaris-x86 1.0 90.70 NOTE
r-release-linux-x86_64 1.0 3.07 51.13 54.20 NOTE
r-release-macos-arm64 1.0 NOTE
r-release-macos-x86_64 1.0 NOTE
r-release-windows-ix86+x86_64 1.0 7.00 58.00 65.00 NOTE
r-oldrel-macos-x86_64 1.0 NOTE
r-oldrel-windows-ix86+x86_64 1.0 7.00 68.00 75.00 NOTE

Check Details

Version: 1.0
Check: dependencies in R code
Result: NOTE
    'library' or 'require' call to 'MASS' which was already attached by Depends.
     Please remove these calls from your code.
Flavors: r-devel-linux-x86_64-debian-clang, r-devel-linux-x86_64-debian-gcc, r-devel-linux-x86_64-fedora-clang, r-devel-linux-x86_64-fedora-gcc, r-devel-windows-x86_64, r-devel-windows-x86_64-gcc10-UCRT, r-patched-linux-x86_64, r-patched-solaris-x86, r-release-linux-x86_64, r-release-macos-arm64, r-release-macos-x86_64, r-release-windows-ix86+x86_64, r-oldrel-macos-x86_64, r-oldrel-windows-ix86+x86_64

Version: 1.0
Check: R code for possible problems
Result: NOTE
    Stem.Bootstrap: no visible global function definition for 'runif'
    filtering: no visible global function definition for 'is.ts'
    filtering: no visible global function definition for 'ts'
    filtering: no visible global function definition for 'start'
    filtering: no visible global function definition for 'end'
    filtering: no visible global function definition for 'frequency'
    kalman: no visible global function definition for 'ts'
    smoothing: no visible global function definition for 'is.ts'
    smoothing: no visible global function definition for 'ts'
    smoothing: no visible global function definition for 'start'
    smoothing: no visible global function definition for 'end'
    smoothing: no visible global function definition for 'frequency'
    Undefined global functions or variables:
     end frequency is.ts runif start ts
    Consider adding
     importFrom("stats", "end", "frequency", "is.ts", "runif", "start",
     "ts")
    to your NAMESPACE file.
Flavors: r-devel-linux-x86_64-debian-clang, r-devel-linux-x86_64-debian-gcc, r-devel-linux-x86_64-fedora-clang, r-devel-linux-x86_64-fedora-gcc, r-devel-windows-x86_64, r-devel-windows-x86_64-gcc10-UCRT, r-patched-linux-x86_64, r-patched-solaris-x86, r-release-linux-x86_64, r-release-macos-arm64, r-release-macos-x86_64, r-release-windows-ix86+x86_64, r-oldrel-macos-x86_64, r-oldrel-windows-ix86+x86_64