CRAN Package Check Results for Package SplitGLM

Last updated on 2021-05-08 07:48:24 CEST.

Flavor Version Tinstall Tcheck Ttotal Status Flags
r-devel-linux-x86_64-debian-clang 1.0.2 110.86 34.24 145.10 OK
r-devel-linux-x86_64-debian-gcc 1.0.2 77.42 26.82 104.24 OK
r-devel-linux-x86_64-fedora-clang 1.0.2 224.19 NOTE
r-devel-linux-x86_64-fedora-gcc 1.0.2 192.79 OK
r-devel-windows-ix86+x86_64 1.0.2 209.00 82.00 291.00 OK
r-devel-windows-x86_64-gcc10-UCRT 1.0.2 OK
r-patched-linux-x86_64 1.0.2 88.57 33.66 122.23 OK
r-patched-solaris-x86 1.0.2 188.40 OK
r-release-linux-x86_64 1.0.2 91.17 32.97 124.14 OK
r-release-macos-x86_64 1.0.2 NOTE
r-release-windows-ix86+x86_64 1.0.2 198.00 67.00 265.00 OK
r-oldrel-macos-x86_64 1.0.2 NOTE
r-oldrel-windows-ix86+x86_64 1.0.2 239.00 74.00 313.00 OK

Check Details

Version: 1.0.2
Check: installed package size
Result: NOTE
     installed size is 5.1Mb
     sub-directories of 1Mb or more:
     libs 4.9Mb
Flavors: r-devel-linux-x86_64-fedora-clang, r-release-macos-x86_64, r-oldrel-macos-x86_64