CRAN Package Check Results for Package SoDA

Last updated on 2021-11-26 08:51:42 CET.

Flavor Version Tinstall Tcheck Ttotal Status Flags
r-devel-linux-x86_64-debian-clang 1.0-6.1 7.86 33.54 41.40 OK
r-devel-linux-x86_64-debian-gcc 1.0-6.1 5.47 26.82 32.29 OK
r-devel-linux-x86_64-fedora-clang 1.0-6.1 60.63 NOTE
r-devel-linux-x86_64-fedora-gcc 1.0-6.1 49.28 NOTE
r-devel-windows-x86_64-new-UL 1.0-6.1 29.00 74.00 103.00 OK
r-devel-windows-x86_64-new-TK 1.0-6.1 OK
r-devel-windows-x86_64-old 1.0-6.1 15.00 54.00 69.00 OK
r-patched-linux-x86_64 1.0-6.1 7.23 32.42 39.65 OK
r-patched-solaris-x86 1.0-6.1 78.00 OK
r-release-linux-x86_64 1.0-6.1 OK
r-release-macos-arm64 1.0-6.1 OK
r-release-macos-x86_64 1.0-6.1 OK
r-release-windows-ix86+x86_64 1.0-6.1 19.00 63.00 82.00 OK
r-oldrel-macos-x86_64 1.0-6.1 OK
r-oldrel-windows-ix86+x86_64 1.0-6.1 16.00 48.00 64.00 OK

Check Details

Version: 1.0-6.1
Check: compiled code
Result: NOTE
    File ‘SoDA/libs/SoDA.so’:
     Found no call to: ‘R_useDynamicSymbols’
    
    It is good practice to register native routines and to disable symbol
    search.
    
    See ‘Writing portable packages’ in the ‘Writing R Extensions’ manual.
Flavors: r-devel-linux-x86_64-fedora-clang, r-devel-linux-x86_64-fedora-gcc