CRAN Package Check Results for Package SimSurvey

Last updated on 2021-08-04 07:49:54 CEST.

Flavor Version Tinstall Tcheck Ttotal Status Flags
r-devel-linux-x86_64-debian-clang 0.1.3 17.65 150.60 168.25 NOTE
r-devel-linux-x86_64-debian-gcc 0.1.3 12.73 110.79 123.52 NOTE
r-devel-linux-x86_64-fedora-clang 0.1.3 200.28 NOTE
r-devel-linux-x86_64-fedora-gcc 0.1.3 187.08 NOTE
r-devel-windows-x86_64 0.1.3 21.00 171.00 192.00 OK
r-devel-windows-x86_64-gcc10-UCRT 0.1.3 NOTE
r-patched-linux-x86_64 0.1.3 15.40 136.39 151.79 NOTE
r-patched-solaris-x86 0.1.3 262.40 NOTE
r-release-linux-x86_64 0.1.3 15.96 136.94 152.90 NOTE
r-release-macos-arm64 0.1.3 NOTE
r-release-macos-x86_64 0.1.3 NOTE
r-release-windows-ix86+x86_64 0.1.3 33.00 164.00 197.00 OK
r-oldrel-macos-x86_64 0.1.3 NOTE
r-oldrel-windows-ix86+x86_64 0.1.3 38.00 181.00 219.00 OK

Check Details

Version: 0.1.3
Check: package dependencies
Result: NOTE
    Package suggested but not available for checking: 'INLA'
Flavors: r-devel-linux-x86_64-debian-clang, r-devel-linux-x86_64-debian-gcc, r-devel-windows-x86_64-gcc10-UCRT, r-patched-linux-x86_64, r-patched-solaris-x86, r-release-linux-x86_64, r-release-macos-arm64, r-release-macos-x86_64, r-oldrel-macos-x86_64

Version: 0.1.3
Check: dependencies in R code
Result: NOTE
    Namespaces in Imports field not imported from:
     ‘rgeos’ ‘sp’
     All declared Imports should be used.
Flavors: r-devel-linux-x86_64-fedora-clang, r-devel-linux-x86_64-fedora-gcc, r-devel-windows-x86_64-gcc10-UCRT, r-patched-solaris-x86, r-release-macos-arm64, r-release-macos-x86_64, r-oldrel-macos-x86_64